CRAN Package Check Results for Package dlm

Last updated on 2018-06-20 22:49:11 CEST.

Flavor Version Tinstall Tcheck Ttotal Status Flags
r-devel-linux-x86_64-debian-clang 1.1-5 11.58 73.95 85.53 OK
r-devel-linux-x86_64-debian-gcc 1.1-5 8.77 54.46 63.23 OK
r-devel-linux-x86_64-fedora-clang 1.1-5 102.67 OK
r-devel-linux-x86_64-fedora-gcc 1.1-5 62.87 OK
r-devel-windows-ix86+x86_64 1.1-5 26.00 121.00 147.00 OK
r-patched-linux-x86_64 1.1-5 9.83 72.42 82.25 OK
r-patched-solaris-x86 1.1-5 145.20 OK
r-release-linux-x86_64 1.1-5 10.78 71.09 81.87 OK
r-release-windows-ix86+x86_64 1.1-5 20.00 120.00 140.00 OK
r-release-osx-x86_64 1.1-5 OK
r-oldrel-windows-ix86+x86_64 1.1-5 23.00 97.00 120.00 OK
r-oldrel-osx-x86_64 1.1-4 NOTE

Check Details

Version: 1.1-4
Check: DESCRIPTION meta-information
Result: NOTE
    Malformed Description field: should contain one or more complete sentences.
Flavor: r-oldrel-osx-x86_64

Version: 1.1-4
Check: R code for possible problems
Result: NOTE
    arms: no visible global function definition for ‘rnorm’
    dlmBSample: no visible global function definition for ‘tsp’
    dlmBSample: no visible global function definition for ‘rnorm’
    dlmBSample: no visible global function definition for ‘tsp<-’
    dlmFilter: no visible global function definition for ‘tsp’
    dlmFilter: no visible global function definition for ‘tsp<-’
    dlmForecast: no visible global function definition for ‘is.ts’
    dlmForecast: no visible global function definition for ‘window’
    dlmForecast: no visible global function definition for ‘end’
    dlmForecast: no visible global function definition for ‘tsp<-’
    dlmForecast: no visible global function definition for ‘tsp’
    dlmForecast: no visible global function definition for ‘rnorm’
    dlmForecast: no visible global function definition for ‘ts’
    dlmForecast : <anonymous>: no visible global function definition for
     ‘ts’
    dlmGibbsDIG: no visible global function definition for ‘hasArg’
    dlmGibbsDIG: no visible global function definition for ‘txtProgressBar’
    dlmGibbsDIG: no visible global function definition for
     ‘setTxtProgressBar’
    dlmGibbsDIG: no visible global function definition for ‘rgamma’
    dlmMLE: no visible global function definition for ‘optim’
    dlmModARMA: no visible global function definition for ‘hasArg’
    dlmModTrig: no visible global function definition for ‘hasArg’
    dlmRandom: no visible global function definition for ‘rnorm’
    dlmRandom: no visible global function definition for ‘runif’
    dlmRandom: no visible global function definition for ‘hasArg’
    dropFirst: no visible global function definition for ‘start’
    dropFirst: no visible global function definition for ‘frequency’
    dropFirst: no visible global function definition for ‘window’
    dropFirst: no visible global function definition for ‘tsp’
    ergMean: no visible global function definition for ‘hasArg’
    mcmcMean : univariateSD: no visible global function definition for
     ‘acf’
    mcmcMean : univariateSD: no visible global function definition for
     ‘var’
    mcmcMeans : univariateSD: no visible global function definition for
     ‘acf’
    mcmcMeans : univariateSD: no visible global function definition for
     ‘var’
    mcmcSD : univariate: no visible global function definition for ‘acf’
    mcmcSD : univariate: no visible global function definition for ‘var’
    residuals.dlmFiltered: no visible global function definition for
     ‘is.ts’
    rwishart: no visible global function definition for ‘rchisq’
    rwishart: no visible global function definition for ‘rnorm’
    tsdiag.dlmFiltered: no visible global function definition for
     ‘residuals’
    tsdiag.dlmFiltered: no visible global function definition for ‘par’
    tsdiag.dlmFiltered: no visible global function definition for ‘plot’
    tsdiag.dlmFiltered: no visible global function definition for ‘abline’
    tsdiag.dlmFiltered: no visible global function definition for ‘acf’
    tsdiag.dlmFiltered: no visible binding for global variable ‘na.pass’
    tsdiag.dlmFiltered: no visible global function definition for
     ‘Box.test’
    tsdiag.dlmFiltered: no visible global function definition for
     ‘dev.interactive’
    tsdiag.dlmFiltered: no visible global function definition for ‘mtext’
    Undefined global functions or variables:
     Box.test abline acf dev.interactive end frequency hasArg is.ts mtext
     na.pass optim par plot rchisq residuals rgamma rnorm runif
     setTxtProgressBar start ts tsp tsp<- txtProgressBar var window
    Consider adding
     importFrom("grDevices", "dev.interactive")
     importFrom("graphics", "abline", "mtext", "par", "plot")
     importFrom("methods", "hasArg")
     importFrom("stats", "Box.test", "acf", "end", "frequency", "is.ts",
     "na.pass", "optim", "rchisq", "residuals", "rgamma",
     "rnorm", "runif", "start", "ts", "tsp", "tsp<-", "var",
     "window")
     importFrom("utils", "setTxtProgressBar", "txtProgressBar")
    to your NAMESPACE file (and ensure that your DESCRIPTION Imports field
    contains 'methods').
Flavor: r-oldrel-osx-x86_64