Last updated on 2024-04-18 22:52:38 CEST.
Flavor | Version | Tinstall | Tcheck | Ttotal | Status | Flags |
---|---|---|---|---|---|---|
r-devel-linux-x86_64-debian-clang | 1.1.0 | 7.82 | 88.48 | 96.30 | NOTE | |
r-devel-linux-x86_64-debian-gcc | 1.1.0 | 6.01 | 65.90 | 71.91 | NOTE | |
r-devel-linux-x86_64-fedora-clang | 1.1.0 | 117.20 | NOTE | |||
r-devel-linux-x86_64-fedora-gcc | 1.1.0 | 111.29 | NOTE | |||
r-prerel-macos-arm64 | 1.1.0 | 32.00 | NOTE | |||
r-prerel-windows-x86_64 | 1.1.0 | 8.00 | 79.00 | 87.00 | NOTE | |
r-patched-linux-x86_64 | 1.1.0 | 6.77 | 85.26 | 92.03 | NOTE | |
r-release-linux-x86_64 | 1.1.0 | 9.20 | 87.01 | 96.21 | OK | |
r-release-macos-arm64 | 1.1.0 | 37.00 | OK | |||
r-release-macos-x86_64 | 1.1.0 | 63.00 | OK | |||
r-release-windows-x86_64 | 1.1.0 | 10.00 | 99.00 | 109.00 | OK | |
r-oldrel-macos-arm64 | 1.1.0 | 36.00 | OK | |||
r-oldrel-windows-x86_64 | 1.1.0 | 10.00 | 104.00 | 114.00 | OK |
Version: 1.1.0
Check: Rd files
Result: NOTE
checkRd: (-1) dca.Rd:24: Lost braces; missing escapes or markup?
24 | \eqn{neglinks_{ij} = 1} means chunklet \code{i} and chunklet {j}
| ^
checkRd: (-1) dca.Rd:26: Lost braces; missing escapes or markup?
26 | \eqn{neglinks_{ij} = 0} means chunklet \code{i} and chunklet {j}
| ^
checkRd: (-1) rca.Rd:57: Lost braces; missing escapes or markup?
57 | e.g. {1, 3, 7} and {4, 6}, might belong to the
| ^
checkRd: (-1) rca.Rd:57: Lost braces; missing escapes or markup?
57 | e.g. {1, 3, 7} and {4, 6}, might belong to the
| ^
Flavors: r-devel-linux-x86_64-debian-clang, r-devel-linux-x86_64-debian-gcc, r-devel-linux-x86_64-fedora-clang, r-devel-linux-x86_64-fedora-gcc, r-prerel-macos-arm64, r-prerel-windows-x86_64, r-patched-linux-x86_64