CRAN Package Check Results for Package dnr

Last updated on 2019-08-21 22:48:37 CEST.

Flavor Version Tinstall Tcheck Ttotal Status Flags
r-devel-linux-x86_64-debian-clang 0.3.4 12.60 154.33 166.93 OK
r-devel-linux-x86_64-debian-gcc 0.3.4 OK
r-devel-linux-x86_64-fedora-clang 0.3.4 199.14 OK
r-devel-linux-x86_64-fedora-gcc 0.3.4 194.08 OK
r-devel-windows-ix86+x86_64 0.3.4 29.00 232.00 261.00 WARN
r-patched-linux-x86_64 0.3.4 12.26 149.59 161.85 OK
r-patched-solaris-x86 0.3.4 312.10 OK
r-release-linux-x86_64 0.3.4 12.93 152.93 165.86 OK
r-release-windows-ix86+x86_64 0.3.4 19.00 158.00 177.00 OK
r-release-osx-x86_64 0.3.4 OK
r-oldrel-windows-ix86+x86_64 0.3.4 22.00 214.00 236.00 OK
r-oldrel-osx-x86_64 0.3.4 OK

Check Details

Version: 0.3.4
Check: re-building of vignette outputs
Result: WARN
    Error(s) in re-building vignettes:
    --- re-building 'dnr_vignette.Rnw' using knitr
    Warning: 'mode(width)' differs between new and previous
     ==> NOT changing 'width'
    Warning: 'mode(width)' differs between new and previous
     ==> NOT changing 'width'
    Warning: 'mode(width)' differs between new and previous
     ==> NOT changing 'width'
    Warning: 'mode(width)' differs between new and previous
     ==> NOT changing 'width'
    Warning: 'mode(width)' differs between new and previous
     ==> NOT changing 'width'
    Warning: 'mode(width)' differs between new and previous
     ==> NOT changing 'width'
    Warning: 'mode(width)' differs between new and previous
     ==> NOT changing 'width'
    Warning: 'mode(width)' differs between new and previous
     ==> NOT changing 'width'
    Warning: 'mode(width)' differs between new and previous
     ==> NOT changing 'width'
    Warning: 'mode(width)' differs between new and previous
     ==> NOT changing 'width'
    Warning: 'mode(width)' differs between new and previous
     ==> NOT changing 'width'
    Warning: 'mode(width)' differs between new and previous
     ==> NOT changing 'width'
    Warning: 'mode(width)' differs between new and previous
     ==> NOT changing 'width'
    Warning: 'mode(width)' differs between new and previous
     ==> NOT changing 'width'
    Warning: 'mode(width)' differs between new and previous
     ==> NOT changing 'width'
    Warning: 'mode(width)' differs between new and previous
     ==> NOT changing 'width'
    Warning: 'mode(width)' differs between new and previous
     ==> NOT changing 'width'
    Warning: 'mode(width)' differs between new and previous
     ==> NOT changing 'width'
    Warning in system(paste(shQuote(texi2dvi), if (quiet) "--quiet" else "", :
     running command '"D:\compiler\texmf\miktex\bin\texify.exe" --quiet --pdf "dnr_vignette.tex" --max-iterations=20 -I "D:/RCompile/recent/R/share/texmf/tex/latex" -I "D:/RCompile/recent/R/share/texmf/bibtex/bst"' had status 1
    Error: processing vignette 'dnr_vignette.Rnw' failed with diagnostics:
    Failed to locate the 'texi2pdf' output file (by engine 'knitr::knitr') for vignette with name 'dnr_vignette'. The following files exist in directory '.': 'bibliography.bib', 'dnr_vignette.R', 'dnr_vignette.Rnw', 'dnr_vignette.tex'
    --- failed re-building 'dnr_vignette.Rnw'
    
    SUMMARY: processing the following file failed:
     'dnr_vignette.Rnw'
    
    Error: Vignette re-building failed.
    Execution halted
Flavor: r-devel-windows-ix86+x86_64