Last updated on 2024-04-25 22:49:05 CEST.
Flavor | Version | Tinstall | Tcheck | Ttotal | Status | Flags |
---|---|---|---|---|---|---|
r-devel-linux-x86_64-debian-clang | 0.3.5 | 13.05 | 208.43 | 221.48 | NOTE | |
r-devel-linux-x86_64-debian-gcc | 0.3.5 | 12.29 | 154.07 | 166.36 | NOTE | |
r-devel-linux-x86_64-fedora-clang | 0.3.5 | 282.97 | NOTE | |||
r-devel-linux-x86_64-fedora-gcc | 0.3.5 | 278.09 | NOTE | |||
r-devel-windows-x86_64 | 0.3.5 | 14.00 | 182.00 | 196.00 | NOTE | |
r-patched-linux-x86_64 | 0.3.5 | 13.17 | 201.29 | 214.46 | NOTE | |
r-release-linux-x86_64 | 0.3.5 | 15.61 | 200.05 | 215.66 | NOTE | |
r-release-macos-arm64 | 0.3.5 | 91.00 | NOTE | |||
r-release-windows-x86_64 | 0.3.5 | 13.00 | 168.00 | 181.00 | NOTE | |
r-oldrel-macos-arm64 | 0.3.5 | 109.00 | NOTE | |||
r-oldrel-macos-x86_64 | 0.3.5 | 165.00 | NOTE | |||
r-oldrel-windows-x86_64 | 0.3.5 | 19.00 | 227.00 | 246.00 | NOTE |
Version: 0.3.5
Check: package subdirectories
Result: NOTE
Problems with news in ‘NEWS.md’:
No news entries found.
Flavors: r-devel-linux-x86_64-debian-clang, r-devel-linux-x86_64-debian-gcc, r-devel-linux-x86_64-fedora-clang, r-devel-linux-x86_64-fedora-gcc, r-devel-windows-x86_64, r-patched-linux-x86_64, r-release-linux-x86_64, r-release-macos-arm64, r-release-windows-x86_64, r-oldrel-macos-arm64, r-oldrel-macos-x86_64, r-oldrel-windows-x86_64
Version: 0.3.5
Check: Rd files
Result: NOTE
checkRd: (-1) dnr.Rd:12: Escaped LaTeX specials: \#
Flavors: r-devel-linux-x86_64-debian-clang, r-devel-linux-x86_64-debian-gcc, r-devel-linux-x86_64-fedora-clang, r-devel-linux-x86_64-fedora-gcc, r-devel-windows-x86_64, r-patched-linux-x86_64, r-release-linux-x86_64, r-release-macos-arm64, r-release-windows-x86_64, r-oldrel-macos-arm64, r-oldrel-macos-x86_64, r-oldrel-windows-x86_64