CRAN Package Check Results for Package doParallel

Last updated on 2023-05-30 23:09:13 CEST.

Flavor Version Tinstall Tcheck Ttotal Status Flags
r-devel-linux-x86_64-debian-clang 1.0.17 1.79 130.79 132.58 NOTE
r-devel-linux-x86_64-debian-gcc 1.0.17 1.70 102.58 104.28 NOTE
r-devel-linux-x86_64-fedora-clang 1.0.17 161.66 OK
r-devel-linux-x86_64-fedora-gcc 1.0.17 169.25 OK
r-devel-windows-x86_64 1.0.17 4.00 114.00 118.00 OK
r-patched-linux-x86_64 1.0.17 1.66 126.66 128.32 NOTE
r-release-linux-x86_64 1.0.17 2.07 122.17 124.24 NOTE
r-release-macos-arm64 1.0.17 96.00 OK
r-release-macos-x86_64 1.0.17 143.00 OK
r-release-windows-x86_64 1.0.17 5.00 136.00 141.00 OK
r-oldrel-macos-arm64 1.0.17 82.00 OK
r-oldrel-macos-x86_64 1.0.17 99.00 OK
r-oldrel-windows-x86_64 1.0.17 4.00 136.00 140.00 OK

Check Details

Version: 1.0.17
Check: R code for possible problems
Result: NOTE
    Found the following calls to attach():
    File ‘doParallel/R/doParallel.R’:
     attach(exportEnv)
    See section ‘Good practice’ in ‘?attach’.
Flavors: r-devel-linux-x86_64-debian-clang, r-devel-linux-x86_64-debian-gcc, r-patched-linux-x86_64, r-release-linux-x86_64