Last updated on 2023-06-07 22:02:41 CEST.
Flavor | Version | Tinstall | Tcheck | Ttotal | Status | Flags |
---|---|---|---|---|---|---|
r-devel-linux-x86_64-debian-clang | 0.4.0 | 5.88 | 72.53 | 78.41 | NOTE | |
r-devel-linux-x86_64-debian-gcc | 0.4.0 | 3.93 | 52.45 | 56.38 | NOTE | |
r-devel-linux-x86_64-fedora-clang | 0.4.0 | 92.83 | NOTE | |||
r-devel-linux-x86_64-fedora-gcc | 0.4.0 | 86.03 | NOTE | |||
r-devel-windows-x86_64 | 0.4.0 | 10.00 | 71.00 | 81.00 | NOTE | |
r-patched-linux-x86_64 | 0.4.0 | 5.30 | 66.46 | 71.76 | NOTE | |
r-release-linux-x86_64 | 0.4.0 | 4.29 | 66.39 | 70.68 | NOTE | |
r-release-macos-arm64 | 0.4.0 | 30.00 | NOTE | |||
r-release-macos-x86_64 | 0.4.0 | 45.00 | NOTE | |||
r-release-windows-x86_64 | 0.4.0 | 8.00 | 81.00 | 89.00 | NOTE | |
r-oldrel-macos-arm64 | 0.4.0 | 28.00 | NOTE | |||
r-oldrel-macos-x86_64 | 0.4.0 | 37.00 | NOTE | |||
r-oldrel-windows-x86_64 | 0.4.0 | 10.00 | 87.00 | 97.00 | NOTE |
Version: 0.4.0
Check: LazyData
Result: NOTE
'LazyData' is specified without a 'data' directory
Flavors: r-devel-linux-x86_64-debian-clang, r-devel-linux-x86_64-debian-gcc, r-devel-linux-x86_64-fedora-clang, r-devel-linux-x86_64-fedora-gcc, r-devel-windows-x86_64, r-patched-linux-x86_64, r-release-linux-x86_64, r-release-macos-arm64, r-release-macos-x86_64, r-release-windows-x86_64, r-oldrel-macos-arm64, r-oldrel-macos-x86_64, r-oldrel-windows-x86_64