CRAN Package Check Results for Package docxtractr

Last updated on 2021-04-13 22:53:40 CEST.

Flavor Version Tinstall Tcheck Ttotal Status Flags
r-devel-linux-x86_64-debian-clang 0.6.5 4.20 45.68 49.88 NOTE
r-devel-linux-x86_64-debian-gcc 0.6.5 3.45 33.92 37.37 NOTE
r-devel-linux-x86_64-fedora-clang 0.6.5 67.51 NOTE
r-devel-linux-x86_64-fedora-gcc 0.6.5 57.65 NOTE
r-devel-windows-ix86+x86_64 0.6.5 11.00 63.00 74.00 NOTE
r-devel-windows-x86_64-gcc10-UCRT 0.6.5 NOTE
r-patched-linux-x86_64 0.6.5 3.83 42.27 46.10 OK
r-patched-solaris-x86 0.6.5 86.30 OK
r-release-linux-x86_64 0.6.5 4.16 42.15 46.31 OK
r-release-macos-x86_64 0.6.5 OK
r-release-windows-ix86+x86_64 0.6.5 12.00 64.00 76.00 OK
r-oldrel-macos-x86_64 0.6.5 OK
r-oldrel-windows-ix86+x86_64 0.6.5 8.00 48.00 56.00 OK

Check Details

Version: 0.6.5
Check: LazyData
Result: NOTE
     'LazyData' is specified without a 'data' directory
Flavors: r-devel-linux-x86_64-debian-clang, r-devel-linux-x86_64-debian-gcc, r-devel-linux-x86_64-fedora-clang, r-devel-linux-x86_64-fedora-gcc, r-devel-windows-ix86+x86_64, r-devel-windows-x86_64-gcc10-UCRT