Last updated on 2023-02-07 23:07:44 CET.
Flavor | Version | Tinstall | Tcheck | Ttotal | Status | Flags |
---|---|---|---|---|---|---|
r-devel-linux-x86_64-debian-clang | 0.2.19 | 204.63 | 316.09 | 520.72 | NOTE | |
r-devel-linux-x86_64-debian-gcc | 0.2.19 | 163.10 | 239.86 | 402.96 | NOTE | |
r-devel-linux-x86_64-fedora-clang | 0.2.19 | 702.50 | NOTE | |||
r-devel-linux-x86_64-fedora-gcc | 0.2.19 | 693.65 | NOTE | |||
r-devel-windows-x86_64 | 0.2.19 | 215.00 | 388.00 | 603.00 | NOTE | |
r-patched-linux-x86_64 | 0.2.19 | 174.10 | 297.61 | 471.71 | NOTE | |
r-release-linux-x86_64 | 0.2.19 | 163.70 | 292.94 | 456.64 | NOTE | |
r-release-macos-arm64 | 0.2.19 | 171.00 | NOTE | |||
r-release-macos-x86_64 | 0.2.19 | 241.00 | NOTE | |||
r-release-windows-x86_64 | 0.2.19 | 210.00 | 399.00 | 609.00 | NOTE | |
r-oldrel-macos-arm64 | 0.2.19 | 137.00 | NOTE | |||
r-oldrel-macos-x86_64 | 0.2.19 | 245.00 | NOTE | |||
r-oldrel-windows-ix86+x86_64 | 0.2.19 | 456.00 | 541.00 | 997.00 | NOTE |
Version: 0.2.19
Check: C++ specification
Result: NOTE
Specified C++11: please update to current default of C++17
Flavors: r-devel-linux-x86_64-debian-clang, r-devel-linux-x86_64-debian-gcc, r-devel-windows-x86_64
Version: 0.2.19
Check: for GNU extensions in Makefiles
Result: NOTE
GNU make is a SystemRequirements.
Flavors: r-devel-linux-x86_64-debian-clang, r-devel-linux-x86_64-debian-gcc, r-devel-linux-x86_64-fedora-clang, r-devel-linux-x86_64-fedora-gcc, r-devel-windows-x86_64, r-patched-linux-x86_64, r-release-linux-x86_64, r-release-macos-arm64, r-release-macos-x86_64, r-release-windows-x86_64, r-oldrel-macos-arm64, r-oldrel-macos-x86_64, r-oldrel-windows-ix86+x86_64
Version: 0.2.19
Check: C++ specification
Result: NOTE
Specified C++11: please drop specification unless essential
Flavors: r-devel-linux-x86_64-fedora-clang, r-devel-linux-x86_64-fedora-gcc
Version: 0.2.19
Check: installed package size
Result: NOTE
installed size is 8.2Mb
sub-directories of 1Mb or more:
doc 6.5Mb
libs 1.1Mb
Flavors: r-devel-linux-x86_64-fedora-clang, r-devel-windows-x86_64, r-release-macos-arm64, r-release-macos-x86_64, r-release-windows-x86_64, r-oldrel-macos-arm64, r-oldrel-macos-x86_64, r-oldrel-windows-ix86+x86_64