Last updated on 2023-09-23 23:00:44 CEST.
Flavor | Version | Tinstall | Tcheck | Ttotal | Status | Flags |
---|---|---|---|---|---|---|
r-devel-linux-x86_64-debian-clang | 1.0-2 | 3.82 | 24.83 | 28.65 | NOTE | |
r-devel-linux-x86_64-debian-gcc | 1.0-2 | 2.73 | 18.97 | 21.70 | NOTE | |
r-devel-linux-x86_64-fedora-clang | 1.0-2 | 37.94 | NOTE | |||
r-devel-linux-x86_64-fedora-gcc | 1.0-2 | 35.37 | NOTE | |||
r-devel-windows-x86_64 | 1.0-2 | 8.00 | 46.00 | 54.00 | NOTE | |
r-patched-linux-x86_64 | 1.0-2 | 3.26 | 23.84 | 27.10 | NOTE | |
r-release-linux-x86_64 | 1.0-2 | 3.71 | 23.41 | 27.12 | NOTE | |
r-release-macos-arm64 | 1.0-2 | 16.00 | NOTE | |||
r-release-macos-x86_64 | 1.0-2 | 22.00 | NOTE | |||
r-release-windows-x86_64 | 1.0-2 | 7.00 | 46.00 | 53.00 | NOTE | |
r-oldrel-macos-arm64 | 1.0-2 | 16.00 | OK | |||
r-oldrel-macos-x86_64 | 1.0-2 | 23.00 | NOTE | |||
r-oldrel-windows-x86_64 | 1.0-2 | 8.00 | 46.00 | 54.00 | NOTE |
Version: 1.0-2
Check: package dependencies
Result: NOTE
Package suggested but not available for checking: ‘OpenMPController’
Flavors: r-devel-linux-x86_64-debian-clang, r-devel-linux-x86_64-debian-gcc, r-devel-linux-x86_64-fedora-clang, r-devel-linux-x86_64-fedora-gcc, r-devel-windows-x86_64, r-patched-linux-x86_64, r-release-linux-x86_64, r-release-macos-arm64, r-release-windows-x86_64, r-oldrel-macos-x86_64, r-oldrel-windows-x86_64
Version: 1.0-2
Check: package dependencies
Result: NOTE
Packages suggested but not available for checking:
'OpenMPController', 'spam'
Flavor: r-release-macos-x86_64