Last updated on 2024-04-17 22:59:50 CEST.
Flavor | Version | Tinstall | Tcheck | Ttotal | Status | Flags |
---|---|---|---|---|---|---|
r-devel-linux-x86_64-debian-clang | 5.0.0 | 33.41 | 493.17 | 526.58 | NOTE | |
r-devel-linux-x86_64-debian-gcc | 5.0.0 | 24.06 | 335.95 | 360.01 | NOTE | |
r-devel-linux-x86_64-fedora-clang | 5.0.0 | 676.41 | NOTE | |||
r-devel-linux-x86_64-fedora-gcc | 5.0.0 | 645.78 | NOTE | |||
r-prerel-macos-arm64 | 5.0.0 | 136.00 | NOTE | |||
r-prerel-windows-x86_64 | 5.0.0 | 22.00 | 284.00 | 306.00 | NOTE | |
r-patched-linux-x86_64 | 5.0.0 | 34.84 | 455.44 | 490.28 | NOTE | |
r-release-linux-x86_64 | 5.0.0 | 29.02 | 467.81 | 496.83 | OK | |
r-release-macos-arm64 | 5.0.0 | 141.00 | OK | |||
r-release-macos-x86_64 | 5.0.0 | 287.00 | OK | |||
r-release-windows-x86_64 | 5.0.0 | 31.00 | 387.00 | 418.00 | OK | |
r-oldrel-macos-arm64 | 5.0.0 | 132.00 | OK | |||
r-oldrel-windows-x86_64 | 5.0.0 | 33.00 | 367.00 | 400.00 | OK |
Version: 5.0.0
Check: Rd files
Result: NOTE
checkRd: (-1) downscale.Rd:9: Lost braces; missing escapes or markup?
9 | \item{occupancies}{Either a data frame containing two columns or an object of class \code{"upgrain"} from the \code{\link{upgrain}} function. If using a data frame the first column must be the grain sizes (cell area in squared units e.g. km^{2}). The second column is the proportion of occupancies at each grain size.}
| ^
checkRd: (-1) ensemble.downscale.Rd:13: Lost braces; missing escapes or markup?
13 | \item{new.areas}{vector of grain sizes (in squared units e.g. km^{2}) for which area of occupancy will be predicted.}
| ^
checkRd: (-1) hui.downscale.Rd:13: Lost braces; missing escapes or markup?
13 | \item{new.areas}{vector of grain sizes as cell area (in same units as cell.width but squared e.g. km^{2}) at fine scales for model prediction.}
| ^
checkRd: (-1) predict.downscale.Rd:10: Lost braces; missing escapes or markup?
10 | \item{new.areas}{vector of grain sizes (in squared units e.g. km^{2}) for which area of occupancy will be predicted.}
| ^
Flavors: r-devel-linux-x86_64-debian-clang, r-devel-linux-x86_64-debian-gcc, r-devel-linux-x86_64-fedora-clang, r-devel-linux-x86_64-fedora-gcc, r-prerel-macos-arm64, r-prerel-windows-x86_64, r-patched-linux-x86_64