Last updated on 2024-05-03 22:53:11 CEST.
Flavor | Version | Tinstall | Tcheck | Ttotal | Status | Flags |
---|---|---|---|---|---|---|
r-devel-linux-x86_64-debian-clang | 2.0.3 | 19.66 | 315.19 | 334.85 | NOTE | |
r-devel-linux-x86_64-fedora-clang | 2.0.3 | 406.15 | NOTE | |||
r-devel-linux-x86_64-fedora-gcc | 2.0.3 | 385.48 | NOTE | |||
r-devel-windows-x86_64 | 2.0.3 | 18.00 | 228.00 | 246.00 | NOTE | |
r-patched-linux-x86_64 | 2.0.3 | 16.19 | 300.31 | 316.50 | NOTE | |
r-release-linux-x86_64 | 2.0.3 | 19.10 | 299.42 | 318.52 | NOTE | |
r-release-macos-arm64 | 2.0.3 | 89.00 | NOTE | |||
r-release-windows-x86_64 | 2.0.3 | 16.00 | 228.00 | 244.00 | NOTE | |
r-oldrel-macos-arm64 | 2.0.3 | 92.00 | OK | |||
r-oldrel-macos-x86_64 | 2.0.3 | 183.00 | OK | |||
r-oldrel-windows-x86_64 | 2.0.3 | 15.00 | 288.00 | 303.00 | OK |
Version: 2.0.3
Check: Rd files
Result: NOTE
checkRd: (-1) logistic2_fn.Rd:34: Lost braces; missing escapes or markup?
34 | This function allows values other than {0, 1, -1} for \code{alpha} and \code{delta} but
| ^
checkRd: (-1) loglogistic2_fn.Rd:35: Lost braces; missing escapes or markup?
35 | This function allows values other than {0, 1, -1} for \code{alpha} and \code{delta} but
| ^
Flavors: r-devel-linux-x86_64-debian-clang, r-devel-linux-x86_64-fedora-clang, r-devel-linux-x86_64-fedora-gcc, r-devel-windows-x86_64, r-patched-linux-x86_64, r-release-linux-x86_64, r-release-macos-arm64, r-release-windows-x86_64