Last updated on 2024-04-25 22:49:05 CEST.
Flavor | Version | Tinstall | Tcheck | Ttotal | Status | Flags |
---|---|---|---|---|---|---|
r-devel-linux-x86_64-debian-clang | 3.1.0 | 10.09 | 488.57 | 498.66 | NOTE | |
r-devel-linux-x86_64-debian-gcc | 3.1.0 | 8.51 | 342.84 | 351.35 | NOTE | |
r-devel-linux-x86_64-fedora-clang | 3.1.0 | 591.44 | NOTE | |||
r-devel-linux-x86_64-fedora-gcc | 3.1.0 | 571.28 | NOTE | |||
r-devel-windows-x86_64 | 3.1.0 | 11.00 | 354.00 | 365.00 | NOTE | |
r-patched-linux-x86_64 | 3.1.0 | 8.79 | 467.82 | 476.61 | NOTE | |
r-release-linux-x86_64 | 3.1.0 | 9.76 | 467.37 | 477.13 | OK | |
r-release-macos-arm64 | 3.1.0 | 157.00 | NOTE | |||
r-release-windows-x86_64 | 3.1.0 | 10.00 | 350.00 | 360.00 | NOTE | |
r-oldrel-macos-arm64 | 3.1.0 | 175.00 | OK | |||
r-oldrel-macos-x86_64 | 3.1.0 | 308.00 | OK | |||
r-oldrel-windows-x86_64 | 3.1.0 | 15.00 | 458.00 | 473.00 | OK |
Version: 3.1.0
Check: Rd files
Result: NOTE
checkRd: (-1) dreamerplot.Rd:53: Lost braces; missing escapes or markup?
53 | a dose returns the plot of pr(trt_dose - trt_{reference_dose} | data).}
| ^
checkRd: (-1) posterior.Rd:70: Lost braces; missing escapes or markup?
70 | a dose returns the plot of pr(trt_dose - trt_{reference_dose} | data).}
| ^
Flavors: r-devel-linux-x86_64-debian-clang, r-devel-linux-x86_64-debian-gcc, r-devel-linux-x86_64-fedora-clang, r-devel-linux-x86_64-fedora-gcc, r-devel-windows-x86_64, r-patched-linux-x86_64, r-release-macos-arm64, r-release-windows-x86_64