CRAN Package Check Results for Package drm

Last updated on 2018-10-17 22:51:34 CEST.

Flavor Version Tinstall Tcheck Ttotal Status Flags
r-release-osx-x86_64 0.5-8 NOTE
r-oldrel-osx-x86_64 0.5-8 NOTE

Check Details

Version: 0.5-8
Check: DESCRIPTION meta-information
Result: NOTE
    Malformed Description field: should contain one or more complete sentences.
Flavors: r-release-osx-x86_64, r-oldrel-osx-x86_64

Version: 0.5-8
Check: R code for possible problems
Result: NOTE
    depratio: warning in match.call(expand = FALSE): partial argument match
     of 'expand' to 'expand.dots'
    drm: warning in match.call(expand = FALSE): partial argument match of
     'expand' to 'expand.dots'
    depratio: no visible global function definition for ‘terms’
    depratio: no visible global function definition for ‘model.extract’
    depratio : <anonymous>: no visible global function definition for
     ‘quantile’
    drm: no visible binding for global variable ‘binomial’
    drm: no visible global function definition for ‘terms’
    drm: no visible global function definition for ‘model.matrix’
    drm: no visible global function definition for ‘model.extract’
    drm: no visible global function definition for ‘glm.fit’
    drm: no visible global function definition for ‘na.omit’
    drm: no visible global function definition for ‘nlm’
    getass.drm : <anonymous>: no visible global function definition for
     ‘model.matrix’
    getass.drm : <anonymous>: no visible global function definition for
     ‘terms’
    getass.drm : <anonymous>: no visible global function definition for
     ‘model.frame’
    plot.depratio: no visible global function definition for ‘par’
    plot.depratio : <anonymous>: no visible global function definition for
     ‘plot’
    plot.depratio : <anonymous>: no visible global function definition for
     ‘segments’
    plot.depratio : <anonymous>: no visible global function definition for
     ‘title’
    plot.depratio : <anonymous>: no visible global function definition for
     ‘abline’
    plot.depratio : <anonymous>: no visible global function definition for
     ‘axis’
    plot.depratio: no visible global function definition for ‘matplot’
    plot.depratio: no visible global function definition for ‘symbols’
    plot.depratio: no visible global function definition for ‘axis’
    plot.depratio: no visible global function definition for ‘abline’
    Undefined global functions or variables:
     abline axis binomial glm.fit matplot model.extract model.frame
     model.matrix na.omit nlm par plot quantile segments symbols terms
     title
    Consider adding
     importFrom("graphics", "abline", "axis", "matplot", "par", "plot",
     "segments", "symbols", "title")
     importFrom("stats", "binomial", "glm.fit", "model.extract",
     "model.frame", "model.matrix", "na.omit", "nlm", "quantile",
     "terms")
    to your NAMESPACE file.
Flavors: r-release-osx-x86_64, r-oldrel-osx-x86_64