Last updated on 2024-04-18 22:52:38 CEST.
Flavor | Version | Tinstall | Tcheck | Ttotal | Status | Flags |
---|---|---|---|---|---|---|
r-devel-linux-x86_64-debian-clang | 0.0.3 | 15.70 | 243.59 | 259.29 | NOTE | |
r-devel-linux-x86_64-debian-gcc | 0.0.3 | 10.20 | 173.72 | 183.92 | NOTE | |
r-devel-linux-x86_64-fedora-clang | 0.0.3 | 311.58 | NOTE | |||
r-devel-linux-x86_64-fedora-gcc | 0.0.3 | 284.88 | NOTE | |||
r-prerel-macos-arm64 | 0.0.3 | 87.00 | NOTE | |||
r-prerel-windows-x86_64 | 0.0.3 | 12.00 | 169.00 | 181.00 | NOTE | |
r-patched-linux-x86_64 | 0.0.3 | 13.21 | 244.35 | 257.56 | NOTE | |
r-release-linux-x86_64 | 0.0.3 | 11.64 | 245.05 | 256.69 | OK | |
r-release-macos-arm64 | 0.0.3 | 88.00 | OK | |||
r-release-macos-x86_64 | 0.0.3 | 166.00 | OK | |||
r-release-windows-x86_64 | 0.0.3 | 15.00 | 244.00 | 259.00 | OK | |
r-oldrel-macos-arm64 | 0.0.3 | 66.00 | OK | |||
r-oldrel-windows-x86_64 | 0.0.3 | 17.00 | 220.00 | 237.00 | OK |
Version: 0.0.3
Check: Rd files
Result: NOTE
checkRd: (-1) popsize.Rd:70: Lost braces in \itemize; \value handles \item{}{} directly
checkRd: (-1) popsize.Rd:71: Lost braces in \itemize; \value handles \item{}{} directly
checkRd: (-1) popsize.Rd:72: Lost braces in \itemize; \value handles \item{}{} directly
checkRd: (-1) popsize.Rd:73: Lost braces in \itemize; \value handles \item{}{} directly
checkRd: (-1) popsize.Rd:74: Lost braces in \itemize; \value handles \item{}{} directly
checkRd: (-1) popsize.Rd:75: Lost braces in \itemize; \value handles \item{}{} directly
checkRd: (-1) popsize_cond.Rd:52: Lost braces in \itemize; \value handles \item{}{} directly
checkRd: (-1) popsize_cond.Rd:53: Lost braces in \itemize; \value handles \item{}{} directly
checkRd: (-1) popsize_cond.Rd:54: Lost braces in \itemize; \value handles \item{}{} directly
checkRd: (-1) popsize_cond.Rd:55: Lost braces in \itemize; \value handles \item{}{} directly
checkRd: (-1) popsize_cond.Rd:56: Lost braces in \itemize; \value handles \item{}{} directly
checkRd: (-1) popsize_cond.Rd:57: Lost braces in \itemize; \value handles \item{}{} directly
Flavors: r-devel-linux-x86_64-debian-clang, r-devel-linux-x86_64-debian-gcc, r-devel-linux-x86_64-fedora-clang, r-devel-linux-x86_64-fedora-gcc, r-prerel-macos-arm64, r-prerel-windows-x86_64, r-patched-linux-x86_64