Last updated on 2024-04-24 23:00:18 CEST.
Flavor | Version | Tinstall | Tcheck | Ttotal | Status | Flags |
---|---|---|---|---|---|---|
r-devel-linux-x86_64-debian-clang | 0.0.4 | 14.00 | 138.18 | 152.18 | OK | |
r-devel-linux-x86_64-debian-gcc | 0.0.4 | 11.24 | 102.56 | 113.80 | OK | |
r-devel-linux-x86_64-fedora-clang | 0.0.4 | 190.30 | NOTE | |||
r-devel-linux-x86_64-fedora-gcc | 0.0.4 | 188.70 | OK | |||
r-devel-windows-x86_64 | 0.0.4 | 14.00 | 120.00 | 134.00 | OK | |
r-patched-linux-x86_64 | 0.0.4 | 11.08 | 131.54 | 142.62 | OK | |
r-release-linux-x86_64 | 0.0.4 | 15.04 | 131.06 | 146.10 | OK | |
r-release-macos-arm64 | 0.0.4 | 62.00 | OK | |||
r-release-windows-x86_64 | 0.0.4 | 12.00 | 120.00 | 132.00 | OK | |
r-oldrel-macos-arm64 | 0.0.4 | 47.00 | OK | |||
r-oldrel-macos-x86_64 | 0.0.4 | 105.00 | OK | |||
r-oldrel-windows-x86_64 | 0.0.4 | 18.00 | 143.00 | 161.00 | OK |
Version: 0.0.4
Check: Rd cross-references
Result: NOTE
Undeclared package ‘data.table’ in Rd xrefs
Flavor: r-devel-linux-x86_64-fedora-clang