Last updated on 2024-04-22 23:09:48 CEST.
Flavor | Version | Tinstall | Tcheck | Ttotal | Status | Flags |
---|---|---|---|---|---|---|
r-devel-linux-x86_64-debian-clang | 1.8.0 | 38.21 | 95.89 | 134.10 | NOTE | |
r-devel-linux-x86_64-debian-gcc | 1.8.0 | 28.26 | 72.73 | 100.99 | NOTE | |
r-devel-linux-x86_64-fedora-clang | 1.8.0 | 176.81 | NOTE | |||
r-devel-linux-x86_64-fedora-gcc | 1.8.0 | 184.53 | NOTE | |||
r-prerel-macos-arm64 | 1.8.0 | 54.00 | NOTE | |||
r-prerel-windows-x86_64 | 1.8.0 | 31.00 | 112.00 | 143.00 | NOTE | |
r-patched-linux-x86_64 | 1.8.0 | 35.51 | 91.99 | 127.50 | NOTE | |
r-release-linux-x86_64 | 1.8.0 | 32.41 | 89.26 | 121.67 | NOTE | |
r-release-macos-arm64 | 1.8.0 | 56.00 | NOTE | |||
r-release-macos-x86_64 | 1.8.0 | 85.00 | NOTE | |||
r-release-windows-x86_64 | 1.8.0 | 40.00 | 127.00 | 167.00 | NOTE | |
r-oldrel-macos-arm64 | 1.8.0 | 49.00 | OK | |||
r-oldrel-windows-x86_64 | 1.8.0 | 39.00 | 126.00 | 165.00 | OK |
Version: 1.8.0
Check: C++ specification
Result: NOTE
Specified C++11: please drop specification unless essential
Flavors: r-devel-linux-x86_64-debian-clang, r-devel-linux-x86_64-debian-gcc, r-devel-linux-x86_64-fedora-clang, r-devel-linux-x86_64-fedora-gcc, r-prerel-macos-arm64, r-prerel-windows-x86_64, r-patched-linux-x86_64, r-release-linux-x86_64, r-release-macos-arm64, r-release-macos-x86_64, r-release-windows-x86_64