Last updated on 2024-03-27 22:57:43 CET.
Flavor | Version | Tinstall | Tcheck | Ttotal | Status | Flags |
---|---|---|---|---|---|---|
r-devel-linux-x86_64-debian-clang | 2.0.2 | 291.79 | 55.98 | 347.77 | OK | |
r-devel-linux-x86_64-debian-gcc | 2.0.2 | 314.38 | 45.63 | 360.01 | OK | |
r-devel-linux-x86_64-fedora-clang | 2.0.2 | 484.80 | OK | |||
r-devel-linux-x86_64-fedora-gcc | 2.0.2 | 713.18 | OK | |||
r-devel-windows-x86_64 | 2.0.2 | 217.00 | 103.00 | 320.00 | OK | |
r-patched-linux-x86_64 | 2.0.2 | 356.13 | 58.05 | 414.18 | OK | |
r-release-linux-x86_64 | 2.0.2 | 0.01 | 2.02 | 2.03 | ERROR | |
r-release-macos-arm64 | 2.0.2 | 123.00 | NOTE | |||
r-release-macos-x86_64 | 2.0.2 | 160.00 | NOTE | |||
r-release-windows-x86_64 | 2.0.2 | 288.00 | 115.00 | 403.00 | OK | |
r-oldrel-macos-arm64 | 2.0.2 | 138.00 | NOTE | |||
r-oldrel-windows-x86_64 | 2.0.2 | 281.00 | 102.00 | 383.00 | OK |
Version: 2.0.2
Check: whether package can be installed
Result: ERROR
Installation failed.
Flavor: r-release-linux-x86_64
Version: 2.0.2
Check: installed package size
Result: NOTE
installed size is 65.8Mb
sub-directories of 1Mb or more:
data 1.3Mb
libs 64.2Mb
Flavors: r-release-macos-arm64, r-release-macos-x86_64, r-oldrel-macos-arm64