CRAN Package Check Results for Package dwapi

Last updated on 2019-08-21 22:48:38 CEST.

Flavor Version Tinstall Tcheck Ttotal Status Flags
r-devel-linux-x86_64-debian-clang 0.1.3.1 4.19 59.11 63.30 OK
r-devel-linux-x86_64-debian-gcc 0.1.3.1 OK
r-devel-linux-x86_64-fedora-clang 0.1.3.1 77.11 NOTE
r-devel-linux-x86_64-fedora-gcc 0.1.3.1 75.08 NOTE
r-devel-windows-ix86+x86_64 0.1.3.1 11.00 98.00 109.00 OK
r-patched-linux-x86_64 0.1.3.1 3.63 58.56 62.19 OK
r-patched-solaris-x86 0.1.3.1 67.60 NOTE
r-release-linux-x86_64 0.1.3.1 3.87 58.02 61.89 OK
r-release-windows-ix86+x86_64 0.1.3.1 8.00 62.00 70.00 OK
r-release-osx-x86_64 0.1.3.1 NOTE
r-oldrel-windows-ix86+x86_64 0.1.3.1 8.00 76.00 84.00 OK
r-oldrel-osx-x86_64 0.1.3.1 NOTE

Check Details

Version: 0.1.3.1
Check: dependencies in R code
Result: NOTE
    Namespace in Imports field not imported from: ‘xml2’
     All declared Imports should be used.
Flavors: r-devel-linux-x86_64-fedora-clang, r-devel-linux-x86_64-fedora-gcc, r-patched-solaris-x86, r-release-osx-x86_64, r-oldrel-osx-x86_64