CRAN Package Check Results for Package dwapi

Last updated on 2019-12-09 22:51:08 CET.

Flavor Version Tinstall Tcheck Ttotal Status Flags
r-devel-linux-x86_64-debian-clang 0.1.3.1 4.43 66.39 70.82 OK
r-devel-linux-x86_64-debian-gcc 0.1.3.1 3.16 53.06 56.22 OK
r-devel-linux-x86_64-fedora-clang 0.1.3.1 84.12 NOTE
r-devel-linux-x86_64-fedora-gcc 0.1.3.1 83.50 NOTE
r-devel-windows-ix86+x86_64 0.1.3.1 10.00 122.00 132.00 OK
r-devel-windows-ix86+x86_64-gcc8 0.1.3.1 9.00 68.00 77.00 OK
r-patched-linux-x86_64 0.1.3.1 3.80 61.41 65.21 OK
r-patched-solaris-x86 0.1.3.1 64.80 NOTE
r-release-linux-x86_64 0.1.3.1 3.44 61.16 64.60 OK
r-release-windows-ix86+x86_64 0.1.3.1 10.00 58.00 68.00 OK
r-release-osx-x86_64 0.1.3.1 NOTE
r-oldrel-windows-ix86+x86_64 0.1.3.1 7.00 62.00 69.00 OK
r-oldrel-osx-x86_64 0.1.3.1 NOTE

Check Details

Version: 0.1.3.1
Check: dependencies in R code
Result: NOTE
    Namespace in Imports field not imported from: ‘xml2’
     All declared Imports should be used.
Flavors: r-devel-linux-x86_64-fedora-clang, r-devel-linux-x86_64-fedora-gcc, r-patched-solaris-x86, r-release-osx-x86_64, r-oldrel-osx-x86_64