Last updated on 2024-04-24 23:00:19 CEST.
Flavor | Version | Tinstall | Tcheck | Ttotal | Status | Flags |
---|---|---|---|---|---|---|
r-devel-linux-x86_64-debian-clang | 1.1 | 8.36 | 58.70 | 67.06 | OK | |
r-devel-linux-x86_64-debian-gcc | 1.1 | 7.14 | 41.66 | 48.80 | OK | |
r-devel-linux-x86_64-fedora-clang | 1.1 | 83.43 | NOTE | |||
r-devel-linux-x86_64-fedora-gcc | 1.1 | 76.73 | NOTE | |||
r-devel-windows-x86_64 | 1.1 | 11.00 | 67.00 | 78.00 | OK | |
r-patched-linux-x86_64 | 1.1 | 11.12 | 55.75 | 66.87 | OK | |
r-release-linux-x86_64 | 1.1 | 8.05 | 55.94 | 63.99 | OK | |
r-release-macos-arm64 | 1.1 | 24.00 | OK | |||
r-release-windows-x86_64 | 1.1 | 11.00 | 66.00 | 77.00 | OK | |
r-oldrel-macos-arm64 | 1.1 | 26.00 | OK | |||
r-oldrel-macos-x86_64 | 1.1 | 55.00 | OK | |||
r-oldrel-windows-x86_64 | 1.1 | 13.00 | 73.00 | 86.00 | OK |
Version: 1.1
Check: dependencies in R code
Result: NOTE
Namespaces in Imports field not imported from:
‘GenEst’ ‘expint’ ‘numDeriv’
All declared Imports should be used.
Flavors: r-devel-linux-x86_64-fedora-clang, r-devel-linux-x86_64-fedora-gcc