Last updated on 2021-03-02 22:56:55 CET.
Flavor | Version | Tinstall | Tcheck | Ttotal | Status | Flags |
---|---|---|---|---|---|---|
r-devel-linux-x86_64-debian-clang | 1.1.6 | OK | ||||
r-devel-linux-x86_64-debian-gcc | 1.1.6 | 4.50 | 29.19 | 33.69 | OK | |
r-devel-linux-x86_64-fedora-clang | 1.1.6 | 63.95 | OK | |||
r-devel-linux-x86_64-fedora-gcc | 1.1.6 | 52.80 | OK | |||
r-devel-windows-ix86+x86_64 | 1.1.6 | 8.00 | 51.00 | 59.00 | OK | |
r-patched-linux-x86_64 | 1.1.6 | 5.68 | 35.03 | 40.71 | OK | |
r-patched-solaris-x86 | 1.1.6 | 69.20 | OK | |||
r-release-linux-x86_64 | 1.1.6 | 5.23 | 35.15 | 40.38 | OK | |
r-release-macos-x86_64 | 1.1.6 | OK | ||||
r-release-windows-ix86+x86_64 | 1.1.6 | 7.00 | 40.00 | 47.00 | OK | |
r-oldrel-macos-x86_64 | 1.1.6 | FAIL | ||||
r-oldrel-windows-ix86+x86_64 | 1.1.6 | 33.00 | 60.00 | 93.00 | OK |
Version: 1.1.6
Check: dependencies in R code
Result: FAIL
Flavor: r-oldrel-macos-x86_64