Last updated on 2024-04-23 22:55:20 CEST.
Flavor | Version | Tinstall | Tcheck | Ttotal | Status | Flags |
---|---|---|---|---|---|---|
r-devel-linux-x86_64-debian-clang | 1.0.1 | 4.57 | 31.35 | 35.92 | OK | |
r-devel-linux-x86_64-debian-gcc | 1.0.1 | 3.59 | 23.29 | 26.88 | OK | |
r-devel-linux-x86_64-fedora-clang | 1.0.1 | 46.20 | NOTE | |||
r-devel-linux-x86_64-fedora-gcc | 1.0.1 | 43.54 | NOTE | |||
r-prerel-macos-arm64 | 1.0.1 | 18.00 | OK | |||
r-prerel-windows-x86_64 | 1.0.1 | 5.00 | 44.00 | 49.00 | OK | |
r-patched-linux-x86_64 | 1.0.1 | 4.29 | 28.86 | 33.15 | OK | |
r-release-linux-x86_64 | 1.0.1 | 2.76 | 29.39 | 32.15 | OK | |
r-release-macos-arm64 | 1.0.1 | 18.00 | OK | |||
r-release-macos-x86_64 | 1.0.1 | 29.00 | NOTE | |||
r-release-windows-x86_64 | 1.0.1 | 6.00 | 46.00 | 52.00 | OK | |
r-oldrel-macos-arm64 | 1.0.1 | 20.00 | NOTE | |||
r-oldrel-windows-x86_64 | 1.0.1 | 7.00 | 49.00 | 56.00 | OK |
Version: 1.0.1
Check: dependencies in R code
Result: NOTE
Namespaces in Imports field not imported from:
‘NatureSounds’ ‘av’ ‘magrittr’ ‘stats’
All declared Imports should be used.
Flavors: r-devel-linux-x86_64-fedora-clang, r-devel-linux-x86_64-fedora-gcc, r-oldrel-macos-arm64
Version: 1.0.1
Check: Rd cross-references
Result: NOTE
Undeclared package ‘warbleR’ in Rd xrefs
Flavor: r-devel-linux-x86_64-fedora-clang
Version: 1.0.1
Check: Rd cross-references
Result: NOTE
Package unavailable to check Rd xrefs: ‘warbleR’
Flavor: r-release-macos-x86_64