Last updated on 2024-04-24 23:00:19 CEST.
Flavor | Version | Tinstall | Tcheck | Ttotal | Status | Flags |
---|---|---|---|---|---|---|
r-devel-linux-x86_64-debian-clang | 1.0.4 | 10.79 | 122.96 | 133.75 | NOTE | |
r-devel-linux-x86_64-debian-gcc | 1.0.4 | 8.27 | 92.26 | 100.53 | NOTE | |
r-devel-linux-x86_64-fedora-clang | 1.0.4 | 177.84 | NOTE | |||
r-devel-linux-x86_64-fedora-gcc | 1.0.4 | 165.64 | NOTE | |||
r-devel-windows-x86_64 | 1.0.4 | 9.00 | 108.00 | 117.00 | NOTE | |
r-patched-linux-x86_64 | 1.0.4 | 7.73 | 120.69 | 128.42 | NOTE | |
r-release-linux-x86_64 | 1.0.4 | 9.52 | 121.65 | 131.17 | NOTE | |
r-release-macos-arm64 | 1.0.4 | 57.00 | NOTE | |||
r-release-windows-x86_64 | 1.0.4 | 9.00 | 104.00 | 113.00 | NOTE | |
r-oldrel-macos-arm64 | 1.0.4 | 77.00 | NOTE | |||
r-oldrel-macos-x86_64 | 1.0.4 | 93.00 | NOTE | |||
r-oldrel-windows-x86_64 | 1.0.4 | 13.00 | 130.00 | 143.00 | NOTE |
Version: 1.0.4
Check: package dependencies
Result: NOTE
Package suggested but not available for checking: ‘lle’
Flavors: r-devel-linux-x86_64-debian-clang, r-devel-linux-x86_64-debian-gcc, r-devel-linux-x86_64-fedora-clang, r-devel-linux-x86_64-fedora-gcc, r-devel-windows-x86_64, r-patched-linux-x86_64, r-release-linux-x86_64, r-release-macos-arm64, r-release-windows-x86_64, r-oldrel-macos-x86_64, r-oldrel-windows-x86_64
Version: 1.0.4
Check: LazyData
Result: NOTE
'LazyData' is specified without a 'data' directory
Flavors: r-devel-linux-x86_64-debian-clang, r-devel-linux-x86_64-debian-gcc, r-devel-linux-x86_64-fedora-clang, r-devel-linux-x86_64-fedora-gcc, r-devel-windows-x86_64, r-patched-linux-x86_64, r-release-linux-x86_64, r-release-macos-arm64, r-release-windows-x86_64, r-oldrel-macos-arm64, r-oldrel-macos-x86_64, r-oldrel-windows-x86_64