Last updated on 2023-06-09 22:58:25 CEST.
Flavor | Version | Tinstall | Tcheck | Ttotal | Status | Flags |
---|---|---|---|---|---|---|
r-devel-linux-x86_64-debian-clang | 0.1.2 | 10.40 | 89.81 | 100.21 | NOTE | |
r-devel-linux-x86_64-debian-gcc | 0.1.2 | 7.35 | 69.83 | 77.18 | NOTE | |
r-devel-linux-x86_64-fedora-clang | 0.1.2 | 132.27 | NOTE | |||
r-devel-linux-x86_64-fedora-gcc | 0.1.2 | 122.96 | NOTE | |||
r-devel-windows-x86_64 | 0.1.2 | 10.00 | 98.00 | 108.00 | NOTE | |
r-patched-linux-x86_64 | 0.1.2 | 11.01 | 86.13 | 97.14 | NOTE | |
r-release-linux-x86_64 | 0.1.2 | 8.22 | 87.83 | 96.05 | NOTE | |
r-release-macos-arm64 | 0.1.2 | 43.00 | NOTE | |||
r-release-macos-x86_64 | 0.1.2 | 67.00 | NOTE | |||
r-release-windows-x86_64 | 0.1.2 | 13.00 | 109.00 | 122.00 | NOTE | |
r-oldrel-macos-arm64 | 0.1.2 | 41.00 | OK | |||
r-oldrel-macos-x86_64 | 0.1.2 | 55.00 | OK | |||
r-oldrel-windows-x86_64 | 0.1.2 | 12.00 | 135.00 | 147.00 | OK |
Version: 0.1.2
Check: Rd files
Result: NOTE
checkRd: (-1) NKI-breast-cancer-clinical-data.Rd:26: Escaped LaTeX specials: \&
checkRd: (-1) NKI-breast-cancer-clinical-data.Rd:33: Escaped LaTeX specials: \&
checkRd: (-1) NKI-breast-cancer-clinical-data.Rd:37: Escaped LaTeX specials: \&
checkRd: (-1) WBC-follow-up-data.Rd:13: Escaped LaTeX specials: \&
checkRd: (-1) WBC-follow-up-data.Rd:14: Escaped LaTeX specials: \&
checkRd: (-1) WBC-follow-up-data.Rd:26: Escaped LaTeX specials: \&
checkRd: (-1) WBC-follow-up-data.Rd:31: Escaped LaTeX specials: \&
checkRd: (-1) WBC-follow-up-data.Rd:41: Escaped LaTeX specials: \&
checkRd: (-1) WBC-measurements-data.Rd:13: Escaped LaTeX specials: \&
checkRd: (-1) WBC-measurements-data.Rd:14: Escaped LaTeX specials: \&
checkRd: (-1) WBC-measurements-data.Rd:25: Escaped LaTeX specials: \&
checkRd: (-1) WBC-measurements-data.Rd:30: Escaped LaTeX specials: \&
checkRd: (-1) WBC-measurements-data.Rd:40: Escaped LaTeX specials: \&
Flavors: r-devel-linux-x86_64-debian-clang, r-devel-linux-x86_64-debian-gcc, r-devel-linux-x86_64-fedora-clang, r-devel-linux-x86_64-fedora-gcc, r-devel-windows-x86_64, r-patched-linux-x86_64, r-release-linux-x86_64, r-release-macos-arm64, r-release-macos-x86_64, r-release-windows-x86_64
Version: 0.1.2
Check: compiled code
Result: NOTE
File ‘dynpred/libs/dynpred.so’:
Found no calls to: ‘R_registerRoutines’, ‘R_useDynamicSymbols’
It is good practice to register native routines and to disable symbol
search.
See ‘Writing portable packages’ in the ‘Writing R Extensions’ manual.
Flavors: r-devel-linux-x86_64-fedora-clang, r-devel-linux-x86_64-fedora-gcc