Last updated on 2021-04-12 22:51:00 CEST.
Flavor | Version | Tinstall | Tcheck | Ttotal | Status | Flags |
---|---|---|---|---|---|---|
r-devel-linux-x86_64-debian-clang | 0.1.1 | 1.67 | 22.23 | 23.90 | NOTE | |
r-devel-linux-x86_64-debian-gcc | 0.1.1 | 1.46 | 17.71 | 19.17 | NOTE | |
r-devel-linux-x86_64-fedora-clang | 0.1.1 | 39.50 | NOTE | |||
r-devel-linux-x86_64-fedora-gcc | 0.1.1 | 29.26 | NOTE | |||
r-devel-windows-ix86+x86_64 | 0.1.1 | 4.00 | 39.00 | 43.00 | NOTE | |
r-devel-windows-x86_64-gcc10-UCRT | 0.1.1 | NOTE | ||||
r-patched-linux-x86_64 | 0.1.1 | 1.90 | 21.84 | 23.74 | OK | |
r-patched-solaris-x86 | 0.1.1 | 46.40 | OK | |||
r-release-linux-x86_64 | 0.1.1 | 1.96 | 21.89 | 23.85 | OK | |
r-release-macos-x86_64 | 0.1.1 | OK | ||||
r-release-windows-ix86+x86_64 | 0.1.1 | 4.00 | 37.00 | 41.00 | OK | |
r-oldrel-macos-x86_64 | 0.1.1 | OK | ||||
r-oldrel-windows-ix86+x86_64 | 0.1.1 | 4.00 | 27.00 | 31.00 | OK |
Version: 0.1.1
Check: LazyData
Result: NOTE
'LazyData' is specified without a 'data' directory
Flavors: r-devel-linux-x86_64-debian-clang, r-devel-linux-x86_64-debian-gcc, r-devel-linux-x86_64-fedora-clang, r-devel-linux-x86_64-fedora-gcc, r-devel-windows-ix86+x86_64, r-devel-windows-x86_64-gcc10-UCRT