CRAN Package Check Results for Package e1071

Last updated on 2018-04-24 22:46:42 CEST.

Flavor Version Tinstall Tcheck Ttotal Status Flags
r-devel-linux-x86_64-debian-clang 1.6-8 10.43 48.33 58.76 OK
r-devel-linux-x86_64-debian-gcc 1.6-8 8.00 37.85 45.85 OK
r-devel-linux-x86_64-fedora-clang 1.6-8 73.62 OK
r-devel-linux-x86_64-fedora-gcc 1.6-8 70.21 OK
r-devel-windows-ix86+x86_64 1.6-8 29.00 95.00 124.00 OK
r-patched-linux-x86_64 1.6-8 9.78 48.21 57.99 OK
r-patched-solaris-x86 1.6-8 100.30 OK
r-release-linux-x86_64 1.6-8 9.21 48.69 57.90 OK
r-release-windows-ix86+x86_64 1.6-8 29.00 95.00 124.00 OK
r-release-osx-x86_64 1.6-8 OK
r-oldrel-windows-ix86+x86_64 1.6-8 25.00 129.00 154.00 OK
r-oldrel-osx-x86_64 1.6-8 NOTE

Additional issues

clang-UBSAN

Check Details

Version: 1.6-8
Check: re-building of vignette outputs
Result: NOTE
    Error in re-building vignettes:
     ...
    Error in texi2dvi(file = file, pdf = TRUE, clean = clean, quiet = quiet, :
     Running 'texi2dvi' on 'svminternals.tex' failed.
    LaTeX errors:
    ! LaTeX Error: File `a4wide.sty' not found.
    
    Type X to quit or <RETURN> to proceed,
    or enter new name. (Default extension: sty)
    
    ! Emergency stop.
    <read *>
    
    l.3 \usepackage
     {Sweave}^^M
    ! ==> Fatal error occurred, no output PDF file produced!
    Calls: buildVignettes -> texi2pdf -> texi2dvi
    Execution halted
Flavor: r-oldrel-osx-x86_64