CRAN Package Check Results for Package e1071

Last updated on 2018-01-20 22:46:56 CET.

Flavor Version Tinstall Tcheck Ttotal Status Flags
r-devel-linux-x86_64-debian-clang 1.6-8 6.94 55.18 62.12 OK
r-devel-linux-x86_64-debian-gcc 1.6-8 5.16 41.98 47.14 OK
r-devel-linux-x86_64-fedora-clang 1.6-8 73.88 OK
r-devel-linux-x86_64-fedora-gcc 1.6-8 73.45 OK
r-devel-windows-ix86+x86_64 1.6-8 23.00 102.00 125.00 OK
r-patched-linux-x86_64 1.6-8 6.32 52.99 59.31 OK
r-patched-solaris-x86 1.6-8 97.90 OK
r-release-linux-x86_64 1.6-8 6.17 52.52 58.69 OK
r-release-windows-ix86+x86_64 1.6-8 23.00 92.00 115.00 OK
r-release-osx-x86_64 1.6-8 NOTE
r-oldrel-windows-ix86+x86_64 1.6-8 20.00 93.00 113.00 OK
r-oldrel-osx-x86_64 1.6-8 OK

Additional issues

clang-UBSAN

Check Details

Version: 1.6-8
Check: re-building of vignette outputs
Result: NOTE
    Error in re-building vignettes:
     ...
    Error in texi2dvi(file = file, pdf = TRUE, clean = clean, quiet = quiet, :
     Running 'texi2dvi' on 'svminternals.tex' failed.
    LaTeX errors:
    ! LaTeX Error: File `a4wide.sty' not found.
    
    Type X to quit or <RETURN> to proceed,
    or enter new name. (Default extension: sty)
    
    ! Emergency stop.
    <read *>
    
    l.3 \usepackage
     {Sweave}^^M
    ! ==> Fatal error occurred, no output PDF file produced!
    Calls: buildVignettes -> texi2pdf -> texi2dvi
    Execution halted
Flavor: r-release-osx-x86_64