Last updated on 2024-04-18 22:52:39 CEST.
Flavor | Version | Tinstall | Tcheck | Ttotal | Status | Flags |
---|---|---|---|---|---|---|
r-devel-linux-x86_64-debian-clang | 1.3.3 | 18.33 | 363.53 | 381.86 | OK | |
r-devel-linux-x86_64-debian-gcc | 1.3.3 | 13.32 | 266.36 | 279.68 | OK | |
r-devel-linux-x86_64-fedora-clang | 1.3.3 | 461.04 | NOTE | |||
r-devel-linux-x86_64-fedora-gcc | 1.3.3 | 495.35 | NOTE | |||
r-prerel-macos-arm64 | 1.3.3 | 126.00 | OK | |||
r-prerel-windows-x86_64 | 1.3.3 | 16.00 | 320.00 | 336.00 | OK | |
r-patched-linux-x86_64 | 1.3.3 | 25.83 | 339.35 | 365.18 | OK | |
r-release-linux-x86_64 | 1.3.3 | 14.35 | 342.76 | 357.11 | OK | |
r-release-macos-arm64 | 1.3.3 | 168.00 | OK | |||
r-release-macos-x86_64 | 1.3.3 | 383.00 | OK | |||
r-release-windows-x86_64 | 1.3.3 | 22.00 | 387.00 | 409.00 | OK | |
r-oldrel-macos-arm64 | 1.3.3 | 158.00 | OK | |||
r-oldrel-windows-x86_64 | 1.3.3 | 24.00 | 378.00 | 402.00 | OK |
Version: 1.3.3
Check: data for non-ASCII characters
Result: NOTE
Note: found 7 marked UTF-8 strings
Flavors: r-devel-linux-x86_64-fedora-clang, r-devel-linux-x86_64-fedora-gcc