CRAN Package Check Results for Package eLNNpaired

Last updated on 2018-10-16 22:56:14 CEST.

Flavor Version Tinstall Tcheck Ttotal Status Flags
r-release-osx-x86_64 0.2.3 ERROR
r-oldrel-osx-x86_64 0.2.3 OK

Check Details

Version: 0.2.3
Check: package dependencies
Result: ERROR
    Package required but not available: ‘iCheck’
    
    See section ‘The DESCRIPTION file’ in the ‘Writing R Extensions’
    manual.
Flavor: r-release-osx-x86_64