CRAN Package Check Results for Package eLNNpaired

Last updated on 2017-12-13 21:50:44 CET.

Flavor Version Tinstall Tcheck Ttotal Status Flags
r-devel-linux-x86_64-debian-clang 0.2.3 14.19 293.53 307.72 OK
r-devel-linux-x86_64-debian-gcc 0.2.3 12.51 236.20 248.71 OK
r-devel-linux-x86_64-fedora-clang 0.2.3 373.73 OK
r-devel-linux-x86_64-fedora-gcc 0.2.3 373.07 OK
r-devel-windows-ix86+x86_64 0.2.3 64.00 329.00 393.00 OK
r-patched-linux-x86_64 0.2.3 16.34 334.07 350.41 OK
r-patched-solaris-x86 0.2.3 595.70 OK
r-release-linux-x86_64 0.2.3 16.15 332.89 349.04 OK
r-release-windows-ix86+x86_64 0.2.3 46.00 411.00 457.00 OK
r-release-osx-x86_64 0.2.3 ERROR
r-oldrel-windows-ix86+x86_64 0.2.3 57.00 381.00 438.00 OK
r-oldrel-osx-x86_64 0.2.3 OK

Check Details

Version: 0.2.3
Check: package dependencies
Result: ERROR
    Packages required but not available: ‘iCheck’ ‘samr’ ‘GSEAlm’ ‘globaltest’
    
    See section ‘The DESCRIPTION file’ in the ‘Writing R Extensions’
    manual.
Flavor: r-release-osx-x86_64