CRAN Package Check Results for Package eLNNpaired

Last updated on 2018-07-16 22:52:09 CEST.

Flavor Version Tinstall Tcheck Ttotal Status Flags
r-devel-linux-x86_64-debian-clang 0.2.3 26.39 420.38 446.77 OK
r-devel-linux-x86_64-debian-gcc 0.2.3 30.85 362.65 393.50 OK
r-devel-linux-x86_64-fedora-clang 0.2.3 636.86 OK
r-devel-linux-x86_64-fedora-gcc 0.2.3 597.76 OK
r-devel-windows-ix86+x86_64 0.2.3 94.00 476.00 570.00 OK
r-patched-linux-x86_64 0.2.3 21.68 368.55 390.23 OK
r-patched-solaris-x86 0.2.3 3.20 ERROR
r-release-linux-x86_64 0.2.3 24.03 367.37 391.40 OK
r-release-windows-ix86+x86_64 0.2.3 88.00 477.00 565.00 ERROR
r-release-osx-x86_64 0.2.3 ERROR
r-oldrel-windows-ix86+x86_64 0.2.3 33.00 6.00 39.00 ERROR
r-oldrel-osx-x86_64 0.2.3 OK

Check Details

Version: 0.2.3
Check: package dependencies
Result: ERROR
    Package required but not available: ‘iCheck’
    
    See section ‘The DESCRIPTION file’ in the ‘Writing R Extensions’
    manual.
Flavors: r-patched-solaris-x86, r-release-osx-x86_64

Version: 0.2.3
Check: whether package can be installed
Result: ERROR
    Installation failed.
Flavors: r-release-windows-ix86+x86_64, r-oldrel-windows-ix86+x86_64