CRAN Package Check Results for Package easyalluvial

Last updated on 2021-04-16 22:50:55 CEST.

Flavor Version Tinstall Tcheck Ttotal Status Flags
r-devel-linux-x86_64-debian-clang 0.3.0 15.79 406.94 422.73 OK
r-devel-linux-x86_64-debian-gcc 0.3.0 13.20 302.44 315.64 OK
r-devel-linux-x86_64-fedora-clang 0.3.0 486.92 NOTE
r-devel-linux-x86_64-fedora-gcc 0.3.0 488.24 NOTE
r-devel-windows-ix86+x86_64 0.3.0 36.00 465.00 501.00 OK
r-devel-windows-x86_64-gcc10-UCRT 0.3.0 NOTE
r-patched-linux-x86_64 0.3.0 15.17 391.74 406.91 OK
r-patched-solaris-x86 0.3.0 647.00 NOTE
r-release-linux-x86_64 0.3.0 15.89 397.75 413.64 OK
r-release-macos-x86_64 0.3.0 NOTE
r-release-windows-ix86+x86_64 0.3.0 35.00 502.00 537.00 OK
r-oldrel-macos-x86_64 0.3.0 NOTE
r-oldrel-windows-ix86+x86_64 0.3.0 20.00 442.00 462.00 OK

Check Details

Version: 0.3.0
Check: dependencies in R code
Result: NOTE
    Namespace in Imports field not imported from: ‘progress’
     All declared Imports should be used.
Flavors: r-devel-linux-x86_64-fedora-clang, r-devel-linux-x86_64-fedora-gcc, r-devel-windows-x86_64-gcc10-UCRT, r-patched-solaris-x86, r-release-macos-x86_64, r-oldrel-macos-x86_64