CRAN Package Check Results for Package eatATA

Last updated on 2021-03-03 22:51:14 CET.

Flavor Version Tinstall Tcheck Ttotal Status Flags
r-devel-linux-x86_64-debian-clang 0.10.0 3.49 52.86 56.35 NOTE
r-devel-linux-x86_64-debian-gcc 0.10.0 2.96 38.93 41.89 NOTE
r-devel-linux-x86_64-fedora-clang 0.10.0 74.43 NOTE
r-devel-linux-x86_64-fedora-gcc 0.10.0 72.70 NOTE
r-devel-windows-ix86+x86_64 0.10.0 7.00 80.00 87.00 NOTE
r-patched-linux-x86_64 0.10.0 3.69 50.30 53.99 NOTE
r-patched-solaris-x86 0.10.0 100.50 NOTE
r-release-linux-x86_64 0.10.0 3.51 49.91 53.42 NOTE
r-release-macos-x86_64 0.10.0 NOTE
r-release-windows-ix86+x86_64 0.10.0 8.00 60.00 68.00 NOTE
r-oldrel-macos-x86_64 0.10.0 NOTE
r-oldrel-windows-ix86+x86_64 0.10.0 6.00 71.00 77.00 NOTE

Check Details

Version: 0.10.0
Check: package dependencies
Result: NOTE
    Package which this enhances but not available for checking: 'gurobi'
Flavors: r-devel-linux-x86_64-debian-clang, r-devel-linux-x86_64-debian-gcc, r-devel-linux-x86_64-fedora-clang, r-devel-linux-x86_64-fedora-gcc, r-devel-windows-ix86+x86_64, r-patched-linux-x86_64, r-release-linux-x86_64, r-release-windows-ix86+x86_64, r-oldrel-windows-ix86+x86_64

Version: 0.10.0
Check: package dependencies
Result: NOTE
    Package suggested but not available for checking: ‘Rsymphony’
    
    Package which this enhances but not available for checking: ‘gurobi’
Flavors: r-patched-solaris-x86, r-release-macos-x86_64, r-oldrel-macos-x86_64