CRAN Package Check Results for Package ebdbNet

Last updated on 2018-09-17 22:50:58 CEST.

Flavor Version Tinstall Tcheck Ttotal Status Flags
r-devel-linux-x86_64-debian-clang 1.2.5 5.80 24.83 30.63 NOTE
r-devel-linux-x86_64-debian-gcc 1.2.5 4.42 20.40 24.82 NOTE
r-devel-linux-x86_64-fedora-clang 1.2.5 40.19 NOTE
r-devel-linux-x86_64-fedora-gcc 1.2.5 37.28 NOTE
r-devel-windows-ix86+x86_64 1.2.5 16.00 63.00 79.00 OK
r-patched-linux-x86_64 1.2.5 3.97 23.10 27.07 NOTE
r-patched-solaris-x86 1.2.5 54.40 OK
r-release-linux-x86_64 1.2.5 5.81 23.48 29.29 NOTE
r-release-windows-ix86+x86_64 1.2.5 10.00 42.00 52.00 OK
r-release-osx-x86_64 1.2.5 OK
r-oldrel-windows-ix86+x86_64 1.2.5 8.00 41.00 49.00 OK
r-oldrel-osx-x86_64 1.2.5 OK

Check Details

Version: 1.2.5
Check: compiled code
Result: NOTE
    File ‘ebdbNet/libs/ebdbNet.so’:
     Found no calls to: ‘R_registerRoutines’, ‘R_useDynamicSymbols’
    
    It is good practice to register native routines and to disable symbol
    search.
    
    See ‘Writing portable packages’ in the ‘Writing R Extensions’ manual.
Flavors: r-devel-linux-x86_64-debian-clang, r-devel-linux-x86_64-debian-gcc, r-devel-linux-x86_64-fedora-clang, r-devel-linux-x86_64-fedora-gcc, r-patched-linux-x86_64, r-release-linux-x86_64