CRAN Package Check Results for Package ebdbNet

Last updated on 2018-12-11 21:48:45 CET.

Flavor Version Tinstall Tcheck Ttotal Status Flags
r-devel-linux-x86_64-debian-clang 1.2.5 7.71 25.16 32.87 OK
r-devel-linux-x86_64-debian-gcc 1.2.5 4.27 20.08 24.35 OK
r-devel-linux-x86_64-fedora-clang 1.2.5 38.39 NOTE
r-devel-linux-x86_64-fedora-gcc 1.2.5 34.29 NOTE
r-devel-windows-ix86+x86_64 1.2.5 15.00 46.00 61.00 OK
r-patched-linux-x86_64 1.2.5 5.37 23.15 28.52 OK
r-patched-solaris-x86 1.2.5 56.70 OK
r-release-linux-x86_64 1.2.5 5.45 23.48 28.93 OK
r-release-windows-ix86+x86_64 1.2.5 14.00 43.00 57.00 OK
r-release-osx-x86_64 1.2.5 OK
r-oldrel-windows-ix86+x86_64 1.2.5 10.00 61.00 71.00 OK
r-oldrel-osx-x86_64 1.2.5 OK

Check Details

Version: 1.2.5
Check: compiled code
Result: NOTE
    File ‘ebdbNet/libs/ebdbNet.so’:
     Found no calls to: ‘R_registerRoutines’, ‘R_useDynamicSymbols’
    
    It is good practice to register native routines and to disable symbol
    search.
    
    See ‘Writing portable packages’ in the ‘Writing R Extensions’ manual.
Flavors: r-devel-linux-x86_64-fedora-clang, r-devel-linux-x86_64-fedora-gcc