CRAN Package Check Results for Package ebirdst

Last updated on 2020-01-17 22:50:51 CET.

Flavor Version Tinstall Tcheck Ttotal Status Flags
r-devel-linux-x86_64-debian-clang 0.1.0 5.40 263.09 268.49 OK
r-devel-linux-x86_64-debian-gcc 0.1.0 4.16 190.88 195.04 OK
r-devel-linux-x86_64-fedora-clang 0.1.0 288.73 NOTE
r-devel-linux-x86_64-fedora-gcc 0.1.0 287.23 NOTE
r-devel-windows-ix86+x86_64 0.1.0 20.00 251.00 271.00 OK
r-devel-windows-ix86+x86_64-gcc8 0.1.0 17.00 339.00 356.00 OK
r-patched-linux-x86_64 0.1.0 3.86 229.37 233.23 OK
r-patched-solaris-x86 0.1.0 440.50 NOTE
r-release-linux-x86_64 0.1.0 5.04 228.92 233.96 OK
r-release-windows-ix86+x86_64 0.1.0 16.00 389.00 405.00 OK
r-release-osx-x86_64 0.1.0 NOTE
r-oldrel-windows-ix86+x86_64 0.1.0 14.00 272.00 286.00 OK
r-oldrel-osx-x86_64 0.1.0 NOTE

Check Details

Version: 0.1.0
Check: dependencies in R code
Result: NOTE
    Namespaces in Imports field not imported from:
     ‘methods’ ‘rappdirs’ ‘rgdal’ ‘scales’ ‘tools’
     All declared Imports should be used.
Flavors: r-devel-linux-x86_64-fedora-clang, r-devel-linux-x86_64-fedora-gcc, r-patched-solaris-x86, r-release-osx-x86_64, r-oldrel-osx-x86_64