CRAN Package Check Results for Package ebirdst

Last updated on 2019-08-25 22:47:00 CEST.

Flavor Version Tinstall Tcheck Ttotal Status Flags
r-devel-linux-x86_64-debian-clang 0.1.0 5.49 227.64 233.13 OK
r-devel-linux-x86_64-debian-gcc 0.1.0 3.59 170.90 174.49 OK
r-devel-linux-x86_64-fedora-clang 0.1.0 257.34 NOTE
r-devel-linux-x86_64-fedora-gcc 0.1.0 261.27 NOTE
r-devel-windows-ix86+x86_64 0.1.0 22.00 224.00 246.00 OK
r-patched-linux-x86_64 0.1.0 4.30 209.62 213.92 OK
r-patched-solaris-x86 0.1.0 401.60 NOTE
r-release-linux-x86_64 0.1.0 4.98 215.03 220.01 OK
r-release-windows-ix86+x86_64 0.1.0 18.00 316.00 334.00 OK
r-release-osx-x86_64 0.1.0 NOTE
r-oldrel-windows-ix86+x86_64 0.1.0 10.00 323.00 333.00 OK
r-oldrel-osx-x86_64 0.1.0 NOTE

Check Details

Version: 0.1.0
Check: dependencies in R code
Result: NOTE
    Namespaces in Imports field not imported from:
     ‘methods’ ‘rappdirs’ ‘rgdal’ ‘scales’ ‘tools’
     All declared Imports should be used.
Flavors: r-devel-linux-x86_64-fedora-clang, r-devel-linux-x86_64-fedora-gcc, r-patched-solaris-x86, r-release-osx-x86_64, r-oldrel-osx-x86_64