CRAN Package Check Results for Package echor

Last updated on 2019-08-23 22:49:57 CEST.

Flavor Version Tinstall Tcheck Ttotal Status Flags
r-devel-linux-x86_64-debian-clang 0.1.2 4.70 42.88 47.58 OK
r-devel-linux-x86_64-debian-gcc 0.1.2 OK
r-devel-linux-x86_64-fedora-clang 0.1.2 58.70 NOTE
r-devel-linux-x86_64-fedora-gcc 0.1.2 56.96 NOTE
r-devel-windows-ix86+x86_64 0.1.2 11.00 72.00 83.00 OK
r-patched-linux-x86_64 0.1.2 4.66 41.39 46.05 OK
r-patched-solaris-x86 0.1.2 80.50 NOTE
r-release-linux-x86_64 0.1.2 4.43 41.50 45.93 OK
r-release-windows-ix86+x86_64 0.1.2 21.00 88.00 109.00 OK
r-release-osx-x86_64 0.1.2 NOTE
r-oldrel-windows-ix86+x86_64 0.1.2 12.00 95.00 107.00 OK
r-oldrel-osx-x86_64 0.1.2 NOTE

Check Details

Version: 0.1.2
Check: dependencies in R code
Result: NOTE
    Namespace in Imports field not imported from: ‘lubridate’
     All declared Imports should be used.
Flavors: r-devel-linux-x86_64-fedora-clang, r-devel-linux-x86_64-fedora-gcc, r-patched-solaris-x86, r-release-osx-x86_64, r-oldrel-osx-x86_64