Last updated on 2023-09-30 22:59:06 CEST.
Flavor | Version | Tinstall | Tcheck | Ttotal | Status | Flags |
---|---|---|---|---|---|---|
r-devel-linux-x86_64-debian-clang | 1.5.0 | 8.92 | 197.88 | 206.80 | OK | |
r-devel-linux-x86_64-debian-gcc | 1.5.0 | 8.49 | 149.57 | 158.06 | OK | |
r-devel-linux-x86_64-fedora-clang | 1.5.0 | 246.15 | NOTE | |||
r-devel-linux-x86_64-fedora-gcc | 1.5.0 | 270.54 | NOTE | |||
r-devel-windows-x86_64 | 1.5.0 | 10.00 | 163.00 | 173.00 | OK | |
r-patched-linux-x86_64 | 1.5.0 | 10.52 | 195.22 | 205.74 | OK | |
r-release-linux-x86_64 | 1.5.0 | 9.39 | 196.05 | 205.44 | OK | |
r-release-macos-arm64 | 1.5.0 | 95.00 | OK | |||
r-release-macos-x86_64 | 1.5.0 | 152.00 | OK | |||
r-release-windows-x86_64 | 1.5.0 | 13.00 | 209.00 | 222.00 | OK | |
r-oldrel-macos-arm64 | 1.5.0 | 78.00 | OK | |||
r-oldrel-macos-x86_64 | 1.5.0 | 132.00 | OK | |||
r-oldrel-windows-x86_64 | 1.5.0 | 13.00 | 211.00 | 224.00 | OK |
Version: 1.5.0
Check: dependencies in R code
Result: NOTE
Namespace in Imports field not imported from: ‘Rdpack’
All declared Imports should be used.
Flavors: r-devel-linux-x86_64-fedora-clang, r-devel-linux-x86_64-fedora-gcc