Last updated on 2024-04-17 22:59:50 CEST.
Flavor | Version | Tinstall | Tcheck | Ttotal | Status | Flags |
---|---|---|---|---|---|---|
r-devel-linux-x86_64-debian-clang | 1.5.0 | 10.77 | 193.58 | 204.35 | OK | |
r-devel-linux-x86_64-debian-gcc | 1.5.0 | 7.65 | 153.64 | 161.29 | OK | |
r-devel-linux-x86_64-fedora-clang | 1.5.0 | 255.49 | NOTE | |||
r-devel-linux-x86_64-fedora-gcc | 1.5.0 | 270.72 | NOTE | |||
r-prerel-macos-arm64 | 1.5.0 | 83.00 | OK | |||
r-prerel-windows-x86_64 | 1.5.0 | 9.00 | 156.00 | 165.00 | OK | |
r-patched-linux-x86_64 | 1.5.0 | 9.96 | 197.23 | 207.19 | OK | |
r-release-linux-x86_64 | 1.5.0 | 10.64 | 200.31 | 210.95 | OK | |
r-release-macos-arm64 | 1.5.0 | 95.00 | OK | |||
r-release-macos-x86_64 | 1.5.0 | 152.00 | OK | |||
r-release-windows-x86_64 | 1.5.0 | 12.00 | 202.00 | 214.00 | OK | |
r-oldrel-macos-arm64 | 1.5.0 | 78.00 | OK | |||
r-oldrel-windows-x86_64 | 1.5.0 | 13.00 | 208.00 | 221.00 | OK |
Version: 1.5.0
Check: dependencies in R code
Result: NOTE
Namespace in Imports field not imported from: ‘Rdpack’
All declared Imports should be used.
Flavors: r-devel-linux-x86_64-fedora-clang, r-devel-linux-x86_64-fedora-gcc