Last updated on 2024-04-17 22:59:50 CEST.
Flavor | Version | Tinstall | Tcheck | Ttotal | Status | Flags |
---|---|---|---|---|---|---|
r-devel-linux-x86_64-debian-clang | 1.2.9 | 20.02 | 92.83 | 112.85 | OK | |
r-devel-linux-x86_64-debian-gcc | 1.2.9 | 11.50 | 67.10 | 78.60 | OK | |
r-devel-linux-x86_64-fedora-clang | 1.2.9 | 133.41 | NOTE | |||
r-devel-linux-x86_64-fedora-gcc | 1.2.9 | 127.45 | NOTE | |||
r-prerel-macos-arm64 | 1.2.9 | 33.00 | OK | |||
r-prerel-windows-x86_64 | 1.2.9 | 15.00 | 81.00 | 96.00 | OK | |
r-patched-linux-x86_64 | 1.2.9 | 16.18 | 90.66 | 106.84 | OK | |
r-release-linux-x86_64 | 1.2.9 | 16.37 | 87.23 | 103.60 | OK | |
r-release-macos-arm64 | 1.2.9 | 34.00 | OK | |||
r-release-macos-x86_64 | 1.2.9 | 58.00 | OK | |||
r-release-windows-x86_64 | 1.2.9 | 14.00 | 94.00 | 108.00 | OK | |
r-oldrel-macos-arm64 | 1.2.9 | 34.00 | OK | |||
r-oldrel-windows-x86_64 | 1.2.9 | 19.00 | 97.00 | 116.00 | OK |
Version: 1.2.9
Check: data for non-ASCII characters
Result: NOTE
Note: found 5 marked UTF-8 strings
Flavors: r-devel-linux-x86_64-fedora-clang, r-devel-linux-x86_64-fedora-gcc