CRAN Package Check Results for Package edci

Last updated on 2017-11-22 22:57:09 CET.

Flavor Version Tinstall Tcheck Ttotal Status Flags
r-devel-linux-x86_64-debian-clang 1.1-2 1.71 13.88 15.59 NOTE
r-devel-linux-x86_64-debian-gcc 1.1-2 2.25 36.72 38.97 NOTE
r-devel-linux-x86_64-fedora-clang 1.1-2 24.80 NOTE
r-devel-linux-x86_64-fedora-gcc 1.1-2 25.00 NOTE
r-devel-windows-ix86+x86_64 1.1-2 12.00 38.00 50.00 OK
r-patched-linux-x86_64 1.1-2 1.67 14.24 15.91 NOTE
r-patched-solaris-x86 1.1-2 40.40 OK
r-release-linux-x86_64 1.1-2 1.68 14.08 15.76 NOTE
r-release-windows-ix86+x86_64 1.1-2 8.00 39.00 47.00 OK
r-release-osx-x86_64 1.1-2 OK
r-oldrel-windows-ix86+x86_64 1.1-2 7.00 33.00 40.00 OK
r-oldrel-osx-x86_64 1.1-2 OK

Check Details

Version: 1.1-2
Check: compiled code
Result: NOTE
    File ‘edci/libs/edci.so’:
     Found no calls to: ‘R_registerRoutines’, ‘R_useDynamicSymbols’
    
    It is good practice to register native routines and to disable symbol
    search.
    
    See ‘Writing portable packages’ in the ‘Writing R Extensions’ manual.
Flavors: r-devel-linux-x86_64-debian-clang, r-devel-linux-x86_64-debian-gcc, r-devel-linux-x86_64-fedora-clang, r-devel-linux-x86_64-fedora-gcc, r-patched-linux-x86_64, r-release-linux-x86_64