CRAN Package Check Results for Package edci

Last updated on 2018-02-24 22:47:25 CET.

Flavor Version Tinstall Tcheck Ttotal Status Flags
r-devel-linux-x86_64-debian-clang 1.1-2 3.13 21.17 24.30 NOTE
r-devel-linux-x86_64-debian-gcc 1.1-2 2.61 16.20 18.81 NOTE
r-devel-linux-x86_64-fedora-clang 1.1-2 29.47 NOTE
r-devel-linux-x86_64-fedora-gcc 1.1-2 27.29 NOTE
r-devel-windows-ix86+x86_64 1.1-2 13.00 40.00 53.00 OK
r-patched-linux-x86_64 1.1-2 2.38 20.76 23.14 NOTE
r-patched-solaris-x86 1.1-2 39.40 OK
r-release-linux-x86_64 1.1-2 2.31 20.30 22.61 NOTE
r-release-windows-ix86+x86_64 1.1-2 8.00 39.00 47.00 OK
r-release-osx-x86_64 1.1-2 OK
r-oldrel-windows-ix86+x86_64 1.1-2 7.00 33.00 40.00 OK
r-oldrel-osx-x86_64 1.1-2 OK

Check Details

Version: 1.1-2
Check: compiled code
Result: NOTE
    File ‘edci/libs/edci.so’:
     Found no calls to: ‘R_registerRoutines’, ‘R_useDynamicSymbols’
    
    It is good practice to register native routines and to disable symbol
    search.
    
    See ‘Writing portable packages’ in the ‘Writing R Extensions’ manual.
Flavors: r-devel-linux-x86_64-debian-clang, r-devel-linux-x86_64-debian-gcc, r-devel-linux-x86_64-fedora-clang, r-devel-linux-x86_64-fedora-gcc, r-patched-linux-x86_64, r-release-linux-x86_64