Last updated on 2023-12-02 21:39:52 CET.
Flavor | Version | Tinstall | Tcheck | Ttotal | Status | Flags |
---|---|---|---|---|---|---|
r-devel-linux-x86_64-debian-clang | 2.1.1 | 19.91 | 34.60 | 54.51 | WARN | |
r-devel-linux-x86_64-debian-gcc | 2.1.1 | 13.16 | 26.88 | 40.04 | OK | |
r-devel-linux-x86_64-fedora-clang | 2.1.1 | 74.89 | WARN | |||
r-devel-linux-x86_64-fedora-gcc | 2.1.1 | 81.48 | OK | |||
r-devel-windows-x86_64 | 2.1.1 | 16.00 | 65.00 | 81.00 | OK | |
r-patched-linux-x86_64 | 2.1.1 | 16.43 | 34.12 | 50.55 | OK | |
r-release-linux-x86_64 | 2.1.1 | 16.40 | 33.73 | 50.13 | OK | |
r-release-macos-arm64 | 2.1.1 | 32.00 | OK | |||
r-release-macos-x86_64 | 2.1.1 | 47.00 | OK | |||
r-release-windows-x86_64 | 2.1.1 | 17.00 | 73.00 | 90.00 | OK | |
r-oldrel-macos-arm64 | 2.1.1 | 25.00 | OK | |||
r-oldrel-macos-x86_64 | 2.1.1 | 35.00 | OK | |||
r-oldrel-windows-x86_64 | 2.1.1 | 20.00 | 71.00 | 91.00 | OK |
Version: 2.1.1
Check: whether package can be installed
Result: WARN
Found the following significant warnings:
RcppExports.cpp:40:18: warning: format string is not a string literal (potentially insecure) [-Wformat-security]
RcppExports.cpp:74:18: warning: format string is not a string literal (potentially insecure) [-Wformat-security]
RcppExports.cpp:108:18: warning: format string is not a string literal (potentially insecure) [-Wformat-security]
See ‘/home/hornik/tmp/R.check/r-devel-clang/Work/PKGS/eddington.Rcheck/00install.out’ for details.
* used C++ compiler: ‘Debian clang version 17.0.5 (1)’
Flavor: r-devel-linux-x86_64-debian-clang
Version: 2.1.1
Check: whether package can be installed
Result: WARN
Found the following significant warnings:
RcppExports.cpp:40:18: warning: format string is not a string literal (potentially insecure) [-Wformat-security]
RcppExports.cpp:74:18: warning: format string is not a string literal (potentially insecure) [-Wformat-security]
RcppExports.cpp:108:18: warning: format string is not a string literal (potentially insecure) [-Wformat-security]
See ‘/data/gannet/ripley/R/packages/tests-clang/eddington.Rcheck/00install.out’ for details.
* used C++ compiler: ‘clang version 17.0.5’
Flavor: r-devel-linux-x86_64-fedora-clang