Last updated on 2023-09-21 23:03:18 CEST.
Flavor | Version | Tinstall | Tcheck | Ttotal | Status | Flags |
---|---|---|---|---|---|---|
r-devel-linux-x86_64-debian-clang | 1.2.1 | 5.16 | 54.58 | 59.74 | NOTE | |
r-devel-linux-x86_64-debian-gcc | 1.2.1 | 3.80 | 39.97 | 43.77 | NOTE | |
r-devel-linux-x86_64-fedora-clang | 1.2.1 | 67.03 | NOTE | |||
r-devel-linux-x86_64-fedora-gcc | 1.2.1 | 78.76 | NOTE | |||
r-devel-windows-x86_64 | 1.2.1 | 5.00 | 57.00 | 62.00 | NOTE | |
r-patched-linux-x86_64 | 1.2.1 | 3.68 | 52.27 | 55.95 | NOTE | |
r-release-linux-x86_64 | 1.2.1 | 4.65 | 51.95 | 56.60 | NOTE | |
r-release-macos-arm64 | 1.2.1 | 29.00 | NOTE | |||
r-release-macos-x86_64 | 1.2.1 | 46.00 | NOTE | |||
r-release-windows-x86_64 | 1.2.1 | 6.00 | 63.00 | 69.00 | NOTE | |
r-oldrel-macos-arm64 | 1.2.1 | 23.00 | NOTE | |||
r-oldrel-macos-x86_64 | 1.2.1 | 34.00 | NOTE | |||
r-oldrel-windows-x86_64 | 1.2.1 | 10.00 | 66.00 | 76.00 | NOTE |
Version: 1.2.1
Check: LazyData
Result: NOTE
'LazyData' is specified without a 'data' directory
Flavors: r-devel-linux-x86_64-debian-clang, r-devel-linux-x86_64-debian-gcc, r-devel-linux-x86_64-fedora-clang, r-devel-linux-x86_64-fedora-gcc, r-devel-windows-x86_64, r-patched-linux-x86_64, r-release-linux-x86_64, r-release-macos-arm64, r-release-macos-x86_64, r-release-windows-x86_64, r-oldrel-macos-arm64, r-oldrel-macos-x86_64, r-oldrel-windows-x86_64