Last updated on 2023-01-27 23:37:56 CET.
Flavor | Version | Tinstall | Tcheck | Ttotal | Status | Flags |
---|---|---|---|---|---|---|
r-devel-linux-x86_64-debian-clang | 1.0.1 | 24.00 | 33.67 | 57.67 | OK | |
r-devel-linux-x86_64-debian-gcc | 1.0.1 | 17.86 | 26.27 | 44.13 | NOTE | |
r-devel-linux-x86_64-fedora-clang | 1.0.1 | 77.76 | OK | |||
r-devel-linux-x86_64-fedora-gcc | 1.0.1 | 81.81 | OK | |||
r-devel-windows-x86_64 | 1.0.1 | 31.00 | 77.00 | 108.00 | OK | |
r-patched-linux-x86_64 | 1.0.1 | 20.79 | 33.43 | 54.22 | OK | |
r-release-linux-x86_64 | 1.0.1 | 18.13 | 34.03 | 52.16 | OK | |
r-release-macos-arm64 | 1.0.1 | 31.00 | OK | |||
r-release-macos-x86_64 | 1.0.1 | 35.00 | OK | |||
r-release-windows-x86_64 | 1.0.1 | 26.00 | 86.00 | 112.00 | OK | |
r-oldrel-macos-arm64 | 1.0.1 | 25.00 | OK | |||
r-oldrel-macos-x86_64 | 1.0.1 | 40.00 | OK | |||
r-oldrel-windows-ix86+x86_64 | 1.0.1 | 60.00 | 85.00 | 145.00 | OK |
Version: 1.0.1
Check: C++ specification
Result: NOTE
Specified C++11: please update to current default of C++17
Flavor: r-devel-linux-x86_64-debian-gcc