CRAN Package Check Results for Package edwards97

Last updated on 2024-06-13 22:49:25 CEST.

Flavor Version Tinstall Tcheck Ttotal Status Flags
r-devel-linux-x86_64-debian-clang 0.1.1 6.26 47.71 53.97 OK
r-devel-linux-x86_64-debian-gcc 0.1.1 0.37 1.53 1.90 ERROR
r-devel-linux-x86_64-fedora-clang 0.1.1 68.49 OK
r-devel-linux-x86_64-fedora-gcc 0.1.1 62.30 OK
r-devel-windows-x86_64 0.1.1 5.00 55.00 60.00 OK
r-patched-linux-x86_64 0.1.1 4.16 46.44 50.60 OK
r-release-linux-x86_64 0.1.1 3.40 46.60 50.00 OK
r-release-macos-arm64 0.1.1 21.00 OK
r-release-macos-x86_64 0.1.1 32.00 OK
r-release-windows-x86_64 0.1.1 6.00 56.00 62.00 OK
r-oldrel-macos-arm64 0.1.1 24.00 OK
r-oldrel-macos-x86_64 0.1.1 34.00 OK
r-oldrel-windows-x86_64 0.1.1 7.00 67.00 74.00 OK

Check Details

Version: 0.1.1
Check: package dependencies
Result: ERROR Packages required but not available: 'tibble', 'broom' Package suggested but not available for checking: ‘testthat’ See section ‘The DESCRIPTION file’ in the ‘Writing R Extensions’ manual. Flavor: r-devel-linux-x86_64-debian-gcc