CRAN Package Check Results for Package efreadr

Last updated on 2023-12-01 21:54:03 CET.

Flavor Version Tinstall Tcheck Ttotal Status Flags
r-devel-linux-x86_64-debian-clang 0.2.2 6.16 44.71 50.87 NOTE
r-devel-linux-x86_64-debian-gcc 0.2.2 4.41 33.34 37.75 NOTE
r-devel-linux-x86_64-fedora-clang 0.2.2 62.12 NOTE
r-devel-linux-x86_64-fedora-gcc 0.2.2 58.08 NOTE
r-devel-windows-x86_64 0.2.2 6.00 58.00 64.00 NOTE
r-patched-linux-x86_64 0.2.2 4.96 42.94 47.90 NOTE
r-release-linux-x86_64 0.2.2 3.44 41.67 45.11 NOTE
r-release-macos-arm64 0.2.2 23.00 NOTE
r-release-macos-x86_64 0.2.2 33.00 NOTE
r-release-windows-x86_64 0.2.2 8.00 62.00 70.00 NOTE
r-oldrel-macos-arm64 0.2.2 22.00 NOTE
r-oldrel-macos-x86_64 0.2.2 45.00 NOTE
r-oldrel-windows-x86_64 0.2.2 7.00 65.00 72.00 NOTE

Check Details

Version: 0.2.2
Check: LazyData
Result: NOTE 'LazyData' is specified without a 'data' directory Flavors: r-devel-linux-x86_64-debian-clang, r-devel-linux-x86_64-debian-gcc, r-devel-linux-x86_64-fedora-clang, r-devel-linux-x86_64-fedora-gcc, r-devel-windows-x86_64, r-patched-linux-x86_64, r-release-linux-x86_64, r-release-macos-arm64, r-release-macos-x86_64, r-release-windows-x86_64, r-oldrel-macos-arm64, r-oldrel-macos-x86_64, r-oldrel-windows-x86_64