CRAN Package Check Results for Package eiExpand

Last updated on 2023-12-07 21:55:45 CET.

Flavor Version Tinstall Tcheck Ttotal Status Flags
r-devel-linux-x86_64-debian-clang 1.0.5 14.60 56.56 71.16 OK
r-devel-linux-x86_64-debian-gcc 1.0.5 11.02 43.06 54.08 OK
r-devel-linux-x86_64-fedora-clang 1.0.5 89.56 NOTE
r-devel-linux-x86_64-fedora-gcc 1.0.5 90.06 NOTE
r-devel-windows-x86_64 1.0.5 18.00 63.00 81.00 OK
r-patched-linux-x86_64 1.0.5 11.44 55.18 66.62 OK
r-release-linux-x86_64 1.0.5 13.95 53.61 67.56 OK
r-release-macos-arm64 1.0.5 33.00 OK
r-release-macos-x86_64 1.0.5 50.00 OK
r-release-windows-x86_64 1.0.5 21.00 70.00 91.00 OK
r-oldrel-macos-arm64 1.0.5 35.00 OK
r-oldrel-macos-x86_64 1.0.5 44.00 OK
r-oldrel-windows-x86_64 1.0.5 19.00 71.00 90.00 OK

Check Details

Version: 1.0.5
Check: data for non-ASCII characters
Result: NOTE Note: found 1 marked UTF-8 string Flavors: r-devel-linux-x86_64-fedora-clang, r-devel-linux-x86_64-fedora-gcc