Last updated on 2023-06-09 22:58:25 CEST.
Flavor | Version | Tinstall | Tcheck | Ttotal | Status | Flags |
---|---|---|---|---|---|---|
r-devel-linux-x86_64-debian-clang | 1.0.3 | 10.34 | 206.74 | 217.08 | OK | |
r-devel-linux-x86_64-debian-gcc | 1.0.3 | 7.44 | 149.26 | 156.70 | OK | |
r-devel-linux-x86_64-fedora-clang | 1.0.3 | 259.83 | NOTE | |||
r-devel-linux-x86_64-fedora-gcc | 1.0.3 | 269.56 | NOTE | |||
r-devel-windows-x86_64 | 1.0.3 | 16.00 | 312.00 | 328.00 | OK | |
r-patched-linux-x86_64 | 1.0.3 | 8.85 | 194.47 | 203.32 | OK | |
r-release-linux-x86_64 | 1.0.3 | 9.76 | 196.94 | 206.70 | OK | |
r-release-macos-arm64 | 1.0.3 | 98.00 | OK | |||
r-release-macos-x86_64 | 1.0.1 | 166.00 | OK | |||
r-release-windows-x86_64 | 1.0.3 | 15.00 | 297.00 | 312.00 | OK | |
r-oldrel-macos-arm64 | 1.0.3 | 85.00 | OK | |||
r-oldrel-macos-x86_64 | 1.0.3 | 121.00 | OK | |||
r-oldrel-windows-x86_64 | 1.0.3 | 15.00 | 295.00 | 310.00 | OK |
Version: 1.0.3
Check: dependencies in R code
Result: NOTE
Namespace in Imports field not imported from: ‘snow’
All declared Imports should be used.
Flavors: r-devel-linux-x86_64-fedora-clang, r-devel-linux-x86_64-fedora-gcc