CRAN Package Check Results for Package eicm

Last updated on 2024-06-13 22:49:26 CEST.

Flavor Version Tinstall Tcheck Ttotal Status Flags
r-devel-linux-x86_64-debian-clang 1.0.3 7.84 217.50 225.34 OK
r-devel-linux-x86_64-debian-gcc 1.0.3 7.18 152.21 159.39 NOTE
r-devel-linux-x86_64-fedora-clang 1.0.3 274.22 NOTE
r-devel-linux-x86_64-fedora-gcc 1.0.3 283.16 NOTE
r-devel-windows-x86_64 1.0.3 14.00 312.00 326.00 OK
r-patched-linux-x86_64 1.0.3 10.37 204.10 214.47 OK
r-release-linux-x86_64 1.0.3 8.45 203.95 212.40 OK
r-release-macos-arm64 1.0.3 87.00 OK
r-release-macos-x86_64 1.0.3 144.00 OK
r-release-windows-x86_64 1.0.3 14.00 309.00 323.00 OK
r-oldrel-macos-arm64 1.0.3 98.00 OK
r-oldrel-macos-x86_64 1.0.3 308.00 OK
r-oldrel-windows-x86_64 1.0.3 15.00 293.00 308.00 OK

Check Details

Version: 1.0.3
Check: package dependencies
Result: NOTE Package suggested but not available for checking: ‘igraph’ Flavor: r-devel-linux-x86_64-debian-gcc

Version: 1.0.3
Check: dependencies in R code
Result: NOTE Namespace in Imports field not imported from: ‘snow’ All declared Imports should be used. Flavors: r-devel-linux-x86_64-fedora-clang, r-devel-linux-x86_64-fedora-gcc