CRAN Package Check Results for Package eigenmodel

Last updated on 2017-11-22 22:57:09 CET.

Flavor Version Tinstall Tcheck Ttotal Status Flags
r-devel-linux-x86_64-debian-clang 1.01 0.61 38.87 39.47 NOTE
r-devel-linux-x86_64-debian-gcc 1.01 0.79 82.73 83.52 NOTE
r-devel-linux-x86_64-fedora-clang 1.01 69.75 NOTE
r-devel-linux-x86_64-fedora-gcc 1.01 66.14 NOTE
r-devel-windows-ix86+x86_64 1.01 3.00 81.00 84.00 NOTE
r-patched-linux-x86_64 1.01 0.69 37.07 37.75 NOTE
r-patched-solaris-x86 1.01 100.80 NOTE
r-release-linux-x86_64 1.01 0.67 37.66 38.33 NOTE
r-release-windows-ix86+x86_64 1.01 2.00 69.00 71.00 NOTE
r-release-osx-x86_64 1.01 NOTE
r-oldrel-windows-ix86+x86_64 1.01 2.00 77.00 79.00 NOTE
r-oldrel-osx-x86_64 1.01 NOTE

Check Details

Version: 1.01
Check: S3 generic/method consistency
Result: NOTE
    Found the following apparent S3 methods exported but not registered:
     plot.eigenmodel_post
    See section ‘Registering S3 methods’ in the ‘Writing R Extensions’
    manual.
Flavors: r-devel-linux-x86_64-debian-clang, r-devel-linux-x86_64-debian-gcc, r-devel-linux-x86_64-fedora-clang, r-devel-linux-x86_64-fedora-gcc, r-patched-linux-x86_64, r-patched-solaris-x86, r-release-linux-x86_64

Version: 1.01
Check: R code for possible problems
Result: NOTE
    Y_impute: no visible binding for global variable ‘pp_zq’
    Y_impute: no visible binding for global variable ‘Ranks’
    Y_impute: no visible binding for global variable ‘Z’
    Y_impute: no visible global function definition for ‘qnorm’
    Y_impute: no visible global function definition for ‘runif’
    Y_impute: no visible global function definition for ‘pnorm’
    addlines: no visible global function definition for ‘segments’
    eigenmodel_mcmc: no visible global function definition for ‘quantile’
    eigenmodel_setup: no visible binding for global variable ‘Y’
    eigenmodel_setup: no visible global function definition for ‘qnorm’
    eigenmodel_setup: no visible global function definition for ‘rnorm’
    eigenmodel_setup: no visible global function definition for ‘lm’
    plot.eigenmodel_post: no visible global function definition for ‘par’
    plot.eigenmodel_post: no visible global function definition for ‘plot’
    plot.eigenmodel_post: no visible global function definition for
     ‘abline’
    plot.eigenmodel_post: no visible global function definition for ‘lines’
    plot.eigenmodel_post: no visible global function definition for
     ‘median’
    plot.eigenmodel_post: no visible global function definition for ‘text’
    plot.eigenmodel_post: no visible binding for global variable ‘sd’
    plot.eigenmodel_post: no visible global function definition for ‘axis’
    plot.eigenmodel_post: no visible binding for global variable ‘quantile’
    plot.eigenmodel_post: no visible global function definition for
     ‘segments’
    plot.eigenmodel_post: no visible global function definition for
     ‘points’
    rUL_fc: no visible binding for global variable ‘Z’
    rUL_fc: no visible binding for global variable ‘X’
    rUL_fc: no visible binding for global variable ‘b’
    rUL_fc: no visible binding for global variable ‘UL’
    rUL_fc: no visible binding for global variable ‘R’
    rUL_fc: no visible binding for '<<-' assignment to ‘mean_u’
    rUL_fc: no visible global function definition for ‘rnorm’
    rUL_fc: no visible binding for global variable ‘var_u’
    rUL_fc: no visible binding for global variable ‘pp_mu’
    rUL_fc: no visible binding for global variable ‘pm_mu’
    rUL_fc: no visible binding for global variable ‘n’
    rUL_fc: no visible binding for global variable ‘mean_u’
    rUL_fc: no visible binding for global variable ‘pp_l’
    rZ_fc: no visible binding for global variable ‘X’
    rZ_fc: no visible binding for global variable ‘b’
    rZ_fc: no visible binding for global variable ‘UL’
    rZ_fc: no visible binding for global variable ‘pp_zq’
    rZ_fc: no visible binding for global variable ‘Ranks’
    rZ_fc: no visible global function definition for ‘qnorm’
    rZ_fc: no visible global function definition for ‘runif’
    rZ_fc: no visible global function definition for ‘pnorm’
    rZ_fc: no visible binding for global variable ‘uRanks’
    rZ_fc: no visible global function definition for ‘rnorm’
    rZ_fc: no visible binding for global variable ‘n’
    rZ_fc: no visible global function definition for ‘dnorm’
    rb_fc: no visible binding for global variable ‘Z’
    rb_fc: no visible binding for global variable ‘UL’
    rb_fc: no visible binding for global variable ‘pm_b’
    rb_fc: no visible binding for global variable ‘xtx’
    rb_fc: no visible binding for global variable ‘pp_b’
    rb_fc: no visible binding for global variable ‘tx’
    rmvnorm: no visible global function definition for ‘rnorm’
    Undefined global functions or variables:
     R Ranks UL X Y Z abline axis b dnorm lines lm mean_u median n par
     plot pm_b pm_mu pnorm points pp_b pp_l pp_mu pp_zq qnorm quantile
     rnorm runif sd segments text tx uRanks var_u xtx
    Consider adding
     importFrom("graphics", "abline", "axis", "lines", "par", "plot",
     "points", "segments", "text")
     importFrom("stats", "dnorm", "lm", "median", "pnorm", "qnorm",
     "quantile", "rnorm", "runif", "sd")
    to your NAMESPACE file.
Flavors: r-devel-linux-x86_64-debian-clang, r-devel-linux-x86_64-debian-gcc, r-devel-linux-x86_64-fedora-clang, r-devel-linux-x86_64-fedora-gcc, r-devel-windows-ix86+x86_64, r-patched-linux-x86_64, r-patched-solaris-x86, r-release-linux-x86_64, r-release-windows-ix86+x86_64, r-release-osx-x86_64, r-oldrel-windows-ix86+x86_64, r-oldrel-osx-x86_64