Last updated on 2023-10-04 00:01:46 CEST.
Flavor | Version | Tinstall | Tcheck | Ttotal | Status | Flags |
---|---|---|---|---|---|---|
r-devel-linux-x86_64-debian-clang | 0.1.2 | 19.84 | 186.70 | 206.54 | OK | |
r-devel-linux-x86_64-debian-gcc | 0.1.2 | 14.31 | 115.62 | 129.93 | OK | |
r-devel-linux-x86_64-fedora-clang | 0.1.2 | 272.20 | NOTE | |||
r-devel-linux-x86_64-fedora-gcc | 0.1.2 | 263.67 | NOTE | |||
r-devel-windows-x86_64 | 0.1.2 | 19.00 | 173.00 | 192.00 | OK | |
r-patched-linux-x86_64 | 0.1.2 | 20.40 | 182.02 | 202.42 | OK | |
r-release-linux-x86_64 | 0.1.2 | 18.52 | 184.55 | 203.07 | OK | |
r-release-macos-arm64 | 0.1.2 | 71.00 | OK | |||
r-release-macos-x86_64 | 0.1.2 | 177.00 | OK | |||
r-release-windows-x86_64 | 0.1.2 | 20.00 | 202.00 | 222.00 | OK | |
r-oldrel-macos-arm64 | 0.1.2 | 66.00 | OK | |||
r-oldrel-macos-x86_64 | 0.1.2 | 83.00 | OK | |||
r-oldrel-windows-x86_64 | 0.1.2 | 22.00 | 192.00 | 214.00 | OK |
Version: 0.1.2
Check: dependencies in R code
Result: NOTE
Namespace in Imports field not imported from: ‘mathjaxr’
All declared Imports should be used.
Flavors: r-devel-linux-x86_64-fedora-clang, r-devel-linux-x86_64-fedora-gcc