CRAN Package Check Results for Package elevatr

Last updated on 2021-04-12 22:51:00 CEST.

Flavor Version Tinstall Tcheck Ttotal Status Flags
r-devel-linux-x86_64-debian-clang 0.3.4 5.42 73.63 79.05 OK
r-devel-linux-x86_64-debian-gcc 0.3.4 4.13 55.16 59.29 OK
r-devel-linux-x86_64-fedora-clang 0.3.4 103.43 OK
r-devel-linux-x86_64-fedora-gcc 0.3.4 93.85 OK
r-devel-windows-ix86+x86_64 0.3.4 17.00 91.00 108.00 OK
r-devel-windows-x86_64-gcc10-UCRT 0.3.4 OK
r-patched-linux-x86_64 0.3.4 5.00 69.01 74.01 OK
r-patched-solaris-x86 0.3.4 137.80 OK
r-release-linux-x86_64 0.3.4 5.50 68.53 74.03 OK
r-release-macos-x86_64 0.3.4 OK
r-release-windows-ix86+x86_64 0.3.4 14.00 100.00 114.00 OK
r-oldrel-macos-x86_64 0.3.4 ERROR
r-oldrel-windows-ix86+x86_64 0.3.4 13.00 68.00 81.00 OK

Check Details

Version: 0.3.4
Check: tests
Result: ERROR
     Running ‘testthat.R’ [3s/4s]
    Running the tests in ‘tests/testthat.R’ failed.
    Last 13 lines of output:
     4. │ └─methods::initialize(value, ...)
     5. └─sp::CRS(SRS_string = ll_prj$wkt)
     ── Error (test-internal.R:15:1): (code run outside of `test_that()`) ───────────
     Error: no arguments in initialization list
     Backtrace:
     █
     1. ├─sp::SpatialPoints(coordinates(pt_df), CRS(SRS_string = ll_prj$wkt)) test-internal.R:15:0
     2. │ └─methods::new("SpatialPoints", coords = coords, bbox = bbox, proj4string = proj4string)
     3. │ ├─methods::initialize(value, ...)
     4. │ └─methods::initialize(value, ...)
     5. └─sp::CRS(SRS_string = ll_prj$wkt)
    
     [ FAIL 3 | WARN 0 | SKIP 0 | PASS 0 ]
     Error: Test failures
     Execution halted
Flavor: r-oldrel-macos-x86_64