Last updated on 2023-12-07 21:55:45 CET.
Flavor | Version | Tinstall | Tcheck | Ttotal | Status | Flags |
---|---|---|---|---|---|---|
r-devel-linux-x86_64-debian-clang | 3.0.2 | 65.96 | 58.04 | 124.00 | NOTE | |
r-devel-linux-x86_64-debian-gcc | 3.0.2 | 42.12 | 43.97 | 86.09 | NOTE | |
r-devel-linux-x86_64-fedora-clang | 3.0.2 | 177.19 | OK | |||
r-devel-linux-x86_64-fedora-gcc | 3.0.2 | 176.66 | OK | |||
r-devel-windows-x86_64 | 3.0.2 | 50.00 | 82.00 | 132.00 | OK | |
r-patched-linux-x86_64 | 3.0.2 | 48.81 | 56.13 | 104.94 | OK | |
r-release-linux-x86_64 | 3.0.2 | 50.99 | 55.18 | 106.17 | OK | |
r-release-macos-arm64 | 3.0.2 | 50.00 | OK | |||
r-release-macos-x86_64 | 3.0.2 | 99.00 | OK | |||
r-release-windows-x86_64 | 3.0.2 | 65.00 | 94.00 | 159.00 | OK | |
r-oldrel-macos-arm64 | 3.0.2 | 44.00 | OK | |||
r-oldrel-macos-x86_64 | 3.0.2 | 60.00 | OK | |||
r-oldrel-windows-x86_64 | 3.0.2 | 58.00 | 89.00 | 147.00 | OK |
Version: 3.0.2
Check: Rd files
Result: NOTE
checkRd: (-1) elo.run.Rd:80: Lost braces
80 | \code{\link{score}}, \link{elo.run.helpers}{elo.run helpers}, \code{\link{elo.calc}},
| ^
Flavors: r-devel-linux-x86_64-debian-clang, r-devel-linux-x86_64-debian-gcc