CRAN Package Check Results for Package embed

Last updated on 2021-04-11 22:47:09 CEST.

Flavor Version Tinstall Tcheck Ttotal Status Flags
r-devel-linux-x86_64-debian-clang 0.1.4 13.04 149.09 162.13 NOTE
r-devel-linux-x86_64-debian-gcc 0.1.4 11.53 111.88 123.41 NOTE
r-devel-linux-x86_64-fedora-clang 0.1.4 207.00 NOTE
r-devel-linux-x86_64-fedora-gcc 0.1.4 194.76 NOTE
r-devel-windows-ix86+x86_64 0.1.4 33.00 178.00 211.00 NOTE
r-devel-windows-x86_64-gcc10-UCRT 0.1.4 NOTE
r-patched-linux-x86_64 0.1.4 12.32 139.19 151.51 OK
r-patched-solaris-x86 0.1.4 275.30 OK
r-release-linux-x86_64 0.1.4 11.15 139.77 150.92 OK
r-release-macos-x86_64 0.1.4 OK
r-release-windows-ix86+x86_64 0.1.4 29.00 193.00 222.00 OK
r-oldrel-macos-x86_64 0.1.4 OK
r-oldrel-windows-ix86+x86_64 0.1.4 21.00 124.00 145.00 OK

Check Details

Version: 0.1.4
Check: LazyData
Result: NOTE
     'LazyData' is specified without a 'data' directory
Flavors: r-devel-linux-x86_64-debian-clang, r-devel-linux-x86_64-debian-gcc, r-devel-linux-x86_64-fedora-clang, r-devel-linux-x86_64-fedora-gcc, r-devel-windows-ix86+x86_64, r-devel-windows-x86_64-gcc10-UCRT