Last updated on 2023-06-05 23:09:29 CEST.
Flavor | Version | Tinstall | Tcheck | Ttotal | Status | Flags |
---|---|---|---|---|---|---|
r-devel-linux-x86_64-debian-clang | 2.1.3 | 31.53 | 224.26 | 255.79 | OK | |
r-devel-linux-x86_64-debian-gcc | 2.1.3 | 23.95 | 167.19 | 191.14 | OK | |
r-devel-linux-x86_64-fedora-clang | 2.1.3 | 318.91 | NOTE | |||
r-devel-linux-x86_64-fedora-gcc | 2.1.3 | 313.57 | NOTE | |||
r-devel-windows-x86_64 | 2.1.3 | 26.00 | 165.00 | 191.00 | OK | |
r-patched-linux-x86_64 | 2.1.3 | 32.50 | 210.80 | 243.30 | OK | |
r-release-linux-x86_64 | 2.1.3 | 20.60 | 210.19 | 230.79 | OK | |
r-release-macos-arm64 | 2.1.3 | 80.00 | OK | |||
r-release-macos-x86_64 | 2.1.3 | 147.00 | OK | |||
r-release-windows-x86_64 | 2.1.3 | 34.00 | 205.00 | 239.00 | OK | |
r-oldrel-macos-arm64 | 2.1.3 | 74.00 | NOTE | |||
r-oldrel-macos-x86_64 | 2.1.3 | 108.00 | NOTE | |||
r-oldrel-windows-x86_64 | 2.1.3 | 33.00 | 200.00 | 233.00 | OK |
Version: 2.1.3
Check: data for non-ASCII characters
Result: NOTE
Note: found 50 marked Latin-1 strings
Flavors: r-devel-linux-x86_64-fedora-clang, r-devel-linux-x86_64-fedora-gcc, r-oldrel-macos-arm64, r-oldrel-macos-x86_64