Last updated on 2024-03-27 22:57:44 CET.
Flavor | Version | Tinstall | Tcheck | Ttotal | Status | Flags |
---|---|---|---|---|---|---|
r-devel-linux-x86_64-debian-clang | 0.5.1 | 6.35 | 85.51 | 91.86 | NOTE | |
r-devel-linux-x86_64-debian-gcc | 0.5.1 | 4.47 | 63.70 | 68.17 | NOTE | |
r-devel-linux-x86_64-fedora-clang | 0.5.1 | 108.64 | NOTE | |||
r-devel-linux-x86_64-fedora-gcc | 0.5.1 | 118.96 | NOTE | |||
r-devel-windows-x86_64 | 0.5.1 | 6.00 | 86.00 | 92.00 | NOTE | |
r-patched-linux-x86_64 | 0.5.1 | 6.53 | 80.71 | 87.24 | NOTE | |
r-release-linux-x86_64 | 0.5.1 | 5.37 | 81.06 | 86.43 | NOTE | |
r-release-macos-arm64 | 0.5.1 | 44.00 | NOTE | |||
r-release-macos-x86_64 | 0.5.1 | 68.00 | NOTE | |||
r-release-windows-x86_64 | 0.5.1 | 7.00 | 94.00 | 101.00 | NOTE | |
r-oldrel-macos-arm64 | 0.5.1 | 37.00 | NOTE | |||
r-oldrel-windows-x86_64 | 0.5.1 | 8.00 | 100.00 | 108.00 | NOTE |
Version: 0.5.1
Check: LazyData
Result: NOTE
'LazyData' is specified without a 'data' directory
Flavors: r-devel-linux-x86_64-debian-clang, r-devel-linux-x86_64-debian-gcc, r-devel-linux-x86_64-fedora-clang, r-devel-linux-x86_64-fedora-gcc, r-devel-windows-x86_64, r-patched-linux-x86_64, r-release-linux-x86_64, r-release-macos-arm64, r-release-macos-x86_64, r-release-windows-x86_64, r-oldrel-macos-arm64, r-oldrel-windows-x86_64