Last updated on 2024-03-28 23:01:43 CET.
Flavor | Version | Tinstall | Tcheck | Ttotal | Status | Flags |
---|---|---|---|---|---|---|
r-devel-linux-x86_64-debian-clang | 0.7.1 | 9.09 | 94.20 | 103.29 | OK | |
r-devel-linux-x86_64-debian-gcc | 0.7.1 | 6.31 | 69.29 | 75.60 | OK | |
r-devel-linux-x86_64-fedora-clang | 0.7.1 | 103.08 | NOTE | |||
r-devel-linux-x86_64-fedora-gcc | 0.7.1 | 112.62 | NOTE | |||
r-devel-windows-x86_64 | 0.7.1 | 8.00 | 115.00 | 123.00 | OK | |
r-patched-linux-x86_64 | 0.7.1 | 7.08 | 88.97 | 96.05 | OK | |
r-release-linux-x86_64 | 0.7.1 | 5.60 | 88.14 | 93.74 | OK | |
r-release-macos-arm64 | 0.7.1 | 38.00 | NOTE | |||
r-release-macos-x86_64 | 0.7.1 | 38.00 | NOTE | |||
r-release-windows-x86_64 | 0.7.1 | 10.00 | 136.00 | 146.00 | OK | |
r-oldrel-macos-arm64 | 0.7.1 | 37.00 | OK | |||
r-oldrel-windows-x86_64 | 0.7.1 | 11.00 | 121.00 | 132.00 | OK |
Version: 0.7.1
Check: package dependencies
Result: NOTE
Packages suggested but not available for checking: 'xcms', 'MSnbase'
Flavors: r-devel-linux-x86_64-fedora-clang, r-devel-linux-x86_64-fedora-gcc, r-release-macos-arm64, r-release-macos-x86_64