CRAN Package Check Results for Package eph

Last updated on 2021-03-02 22:56:55 CET.

Flavor Version Tinstall Tcheck Ttotal Status Flags
r-devel-linux-x86_64-debian-clang 0.4.0 OK
r-devel-linux-x86_64-debian-gcc 0.4.0 3.79 52.78 56.57 OK
r-devel-linux-x86_64-fedora-clang 0.4.0 94.13 NOTE
r-devel-linux-x86_64-fedora-gcc 0.4.0 83.07 NOTE
r-devel-windows-ix86+x86_64 0.4.0 10.00 106.00 116.00 ERROR
r-patched-linux-x86_64 0.4.0 4.69 67.33 72.02 OK
r-patched-solaris-x86 0.4.0 128.40 NOTE
r-release-linux-x86_64 0.4.0 4.61 66.84 71.45 OK
r-release-macos-x86_64 0.4.0 NOTE
r-release-windows-ix86+x86_64 0.4.0 9.00 92.00 101.00 ERROR
r-oldrel-macos-x86_64 0.4.0 NOTE
r-oldrel-windows-ix86+x86_64 0.4.0 7.00 100.00 107.00 OK

Check Details

Version: 0.4.0
Check: package dependencies
Result: NOTE
    Imports includes 22 non-default packages.
    Importing from so many packages makes the package vulnerable to any of
    them becoming unavailable. Move as many as possible to Suggests and
    use conditionally.
Flavor: r-devel-linux-x86_64-fedora-clang

Version: 0.4.0
Check: dependencies in R code
Result: NOTE
    Namespaces in Imports field not imported from:
     ‘readr’ ‘tidyverse’
     All declared Imports should be used.
Flavors: r-devel-linux-x86_64-fedora-clang, r-devel-linux-x86_64-fedora-gcc, r-patched-solaris-x86, r-release-macos-x86_64, r-oldrel-macos-x86_64

Version: 0.4.0
Check: data for non-ASCII characters
Result: NOTE
     Note: found 1 marked Latin-1 string
     Note: found 721 marked UTF-8 strings
Flavors: r-devel-linux-x86_64-fedora-clang, r-devel-linux-x86_64-fedora-gcc, r-patched-solaris-x86, r-release-macos-x86_64, r-oldrel-macos-x86_64

Version: 0.4.0
Check: tests
Result: ERROR
     Running 'testthat.R' [17s]
    Running the tests in 'tests/testthat.R' failed.
    Complete output:
     > library(testthat)
     > library(eph)
     >
     > test_check("eph")
     trying URL 'https://www.indec.gob.ar/ftp/cuadros/sociedad/serie_cba_cbt.xls'
     trying URL 'https://github.com/holatam/data/raw/master/eph/canasta/canastas.rds'
     Content type 'application/octet-stream' length 1955 bytes
     ==================================================
     downloaded 1955 bytes
    
     == Skipped tests ===============================================================
     * On CRAN (3)
    
     == Failed tests ================================================================
     -- Error (test-get_poverty_lines.R:5:3): test GBA ------------------------------
     Error: cannot open URL 'https://www.indec.gob.ar/ftp/cuadros/sociedad/serie_cba_cbt.xls'
     Backtrace:
     x
     1. \-eph::get_poverty_lines() test-get_poverty_lines.R:5:2
     2. \-utils::download.file(dataURL, destfile = temp, mode = "wb")
    
     [ FAIL 1 | WARN 7 | SKIP 3 | PASS 16 ]
     Error: Test failures
     Execution halted
Flavors: r-devel-windows-ix86+x86_64, r-release-windows-ix86+x86_64

Version: 0.4.0
Check: re-building of vignette outputs
Result: WARN
    Error(s) in re-building vignettes:
    --- re-building 'eph.Rmd' using rmarkdown
    
    Attaching package: 'dplyr'
    
    The following objects are masked from 'package:stats':
    
     filter, lag
    
    The following objects are masked from 'package:base':
    
     intersect, setdiff, setequal, union
    
    Warning in apply_labels.list(data, ...) :
     Some names don't exist in `data`: H15, REGION, MAS_500, AGLOMERADO, CH03, CH05, CH07, CH08, CH09, CH10, CH11, CH12, CH13, CH14, CH15, CH15_COD, CH16, CH16_COD, NIVEL_ED, CAT_OCUP, CAT_INAC, IMPUTA, PP02C1, PP02C2, PP02C3, PP02C4, PP02C5, PP02C6, PP02C7, PP02C8, PP02E, PP02H, PP02I, PP03C, PP03D, PP3E_TOT, PP3F_TOT, PP03G, PP03H, PP03I, PP03J, INTENSI, PP04A, PP04B_COD, PP04B1, PP04B2, PP04B3_MES, PP04B3_ANO, PP04B3_DIA, PP04C, PP04C99, PP04D_COD, PP04G, PP05B2_MES, PP05B2_ANO, PP05B2_DIA, PP05C_1, PP05C_2, PP05C_3, PP05E, PP05F, PP05H, PP06A, PP06C, PP06D, PP06E, PP06H, PP07A, PP07C, PP07D, PP07E, PP07F1, PP07F2, PP07F3, PP07F4, PP07F5, PP07G1, PP07G2, PP07G3, PP07G4, PP07G_59, PP07H, PP07I, PP07J, PP07K, PP08D1, PP08D4, PP08F1, PP08F2, PP08J1, PP08J2, PP08J3, PP09A, PP09A_ESP, PP09B, PP09C, PP09C_ESP, PP10A, PP10C, PP10D, PP10E, PP11A, PP11B_COD, PP11B1, PP11B2_DIA, PP11B2_MES, PP11B2_ANO, PP11C, PP11C99, PP11D_COD, PP11G_ANO, PP11G_MES, PP11G_DIA, PP11L, PP11L1, PP11M, PP11N, PP11O, [... truncated]
    Warning in questionr::wtd.table(x = x_vec, y = y_vec, weights = weights_vec, :
     'na.rm' and 'na.show' are deprecated. Use 'useNA' instead.
    Warning: `cols` is now required when using unnest().
    Please use `cols = c(microdata)`
    trying URL 'https://www.indec.gob.ar/ftp/cuadros/sociedad/serie_cba_cbt.xls'
    Quitting from lines 201-203 (eph.Rmd)
    Error: processing vignette 'eph.Rmd' failed with diagnostics:
    cannot open URL 'https://www.indec.gob.ar/ftp/cuadros/sociedad/serie_cba_cbt.xls'
    --- failed re-building 'eph.Rmd'
    
    --- re-building 'estimacion_pobreza.Rmd' using rmarkdown
    --- finished re-building 'estimacion_pobreza.Rmd'
    
    SUMMARY: processing the following file failed:
     'eph.Rmd'
    
    Error: Vignette re-building failed.
    Execution halted
Flavors: r-devel-windows-ix86+x86_64, r-release-windows-ix86+x86_64